CRAN Package Check Results for Package minval

Last updated on 2022-01-26 19:50:38 CET.

Flavor Version Tinstall Tcheck Ttotal Status Flags
r-devel-linux-x86_64-debian-clang 0.8-1 3.42 88.98 92.40 NOTE
r-devel-linux-x86_64-debian-gcc 0.8-1 2.91 66.02 68.93 NOTE
r-devel-linux-x86_64-fedora-clang 0.8-1 114.39 NOTE
r-devel-linux-x86_64-fedora-gcc 0.8-1 98.80 NOTE
r-devel-windows-x86_64-new-UL 0.8-1 32.00 139.00 171.00 NOTE
r-devel-windows-x86_64-new-TK 0.8-1 NOTE
r-patched-linux-x86_64 0.8-1 3.95 82.14 86.09 NOTE
r-release-linux-x86_64 0.8-1 2.37 81.54 83.91 NOTE
r-release-macos-arm64 0.8-1 NOTE
r-release-macos-x86_64 0.8-1 NOTE
r-release-windows-ix86+x86_64 0.8-1 9.00 132.00 141.00 NOTE
r-oldrel-macos-x86_64 0.8-1 OK
r-oldrel-windows-ix86+x86_64 0.8-1 8.00 100.00 108.00 OK

Check Details

Version: 0.8-1
Check: LazyData
Result: NOTE
     'LazyData' is specified without a 'data' directory
Flavors: r-devel-linux-x86_64-debian-clang, r-devel-linux-x86_64-debian-gcc, r-devel-linux-x86_64-fedora-clang, r-devel-linux-x86_64-fedora-gcc, r-devel-windows-x86_64-new-UL, r-devel-windows-x86_64-new-TK, r-patched-linux-x86_64, r-release-linux-x86_64, r-release-macos-arm64, r-release-macos-x86_64, r-release-windows-ix86+x86_64

Version: 0.8-1
Check: for non-standard things in the check directory
Result: NOTE
    Found the following files/directories:
     'glycolysis.xml' 'glycolysis_desc.tsv' 'glycolysis_met.tsv'
     'glycolysis_react.tsv'
Flavors: r-devel-linux-x86_64-debian-clang, r-devel-linux-x86_64-debian-gcc, r-devel-linux-x86_64-fedora-clang, r-devel-linux-x86_64-fedora-gcc, r-patched-linux-x86_64, r-release-linux-x86_64