Last updated on 2021-01-26 07:50:21 CET.
Flavor | Version | Tinstall | Tcheck | Ttotal | Status | Flags |
---|---|---|---|---|---|---|
r-devel-linux-x86_64-debian-clang | 0.2 | 14.34 | 97.14 | 111.48 | OK | |
r-devel-linux-x86_64-debian-gcc | 0.2 | 9.63 | 75.18 | 84.81 | OK | |
r-devel-linux-x86_64-fedora-clang | 0.2 | 139.95 | NOTE | |||
r-devel-linux-x86_64-fedora-gcc | 0.2 | 131.05 | NOTE | |||
r-devel-windows-ix86+x86_64 | 0.2 | 28.00 | 132.00 | 160.00 | OK | |
r-patched-linux-x86_64 | 0.2 | 11.97 | 90.78 | 102.75 | OK | |
r-patched-solaris-x86 | 0.2 | 186.50 | NOTE | |||
r-release-linux-x86_64 | 0.2 | 10.50 | 91.67 | 102.17 | OK | |
r-release-macos-x86_64 | 0.2 | NOTE | ||||
r-release-windows-ix86+x86_64 | 0.2 | 27.00 | 89.00 | 116.00 | OK | |
r-oldrel-macos-x86_64 | 0.2 | NOTE | ||||
r-oldrel-windows-ix86+x86_64 | 0.2 | 19.00 | 98.00 | 117.00 | OK |
Version: 0.2
Check: dependencies in R code
Result: NOTE
Namespaces in Imports field not imported from:
‘markdown’ ‘metafor’
All declared Imports should be used.
Flavors: r-devel-linux-x86_64-fedora-clang, r-devel-linux-x86_64-fedora-gcc, r-patched-solaris-x86, r-release-macos-x86_64, r-oldrel-macos-x86_64