CRAN Package Check Results for Package mimsy

Last updated on 2021-12-01 19:51:41 CET.

Flavor Version Tinstall Tcheck Ttotal Status Flags
r-devel-linux-x86_64-debian-clang 0.6.2 7.98 62.51 70.49 NOTE
r-devel-linux-x86_64-debian-gcc 0.6.2 5.70 46.48 52.18 NOTE
r-devel-linux-x86_64-fedora-clang 0.6.2 92.85 NOTE
r-devel-linux-x86_64-fedora-gcc 0.6.2 81.49 NOTE
r-devel-windows-x86_64-new-UL 0.6.2 14.00 102.00 116.00 NOTE
r-devel-windows-x86_64-new-TK 0.6.2 NOTE
r-devel-windows-x86_64-old 0.6.2 12.00 64.00 76.00 NOTE
r-patched-linux-x86_64 0.6.2 6.11 56.99 63.10 NOTE
r-patched-solaris-x86 0.6.2 109.90 NOTE
r-release-linux-x86_64 0.6.2 7.54 57.76 65.30 NOTE
r-release-macos-arm64 0.6.2 NOTE
r-release-macos-x86_64 0.6.2 NOTE
r-release-windows-ix86+x86_64 0.6.2 16.00 58.00 74.00 NOTE
r-oldrel-macos-x86_64 0.6.2 OK
r-oldrel-windows-ix86+x86_64 0.6.2 12.00 82.00 94.00 OK

Check Details

Version: 0.6.2
Check: LazyData
Result: NOTE
     'LazyData' is specified without a 'data' directory
Flavors: r-devel-linux-x86_64-debian-clang, r-devel-linux-x86_64-debian-gcc, r-devel-linux-x86_64-fedora-clang, r-devel-linux-x86_64-fedora-gcc, r-devel-windows-x86_64-new-UL, r-devel-windows-x86_64-new-TK, r-devel-windows-x86_64-old, r-patched-linux-x86_64, r-patched-solaris-x86, r-release-linux-x86_64, r-release-macos-arm64, r-release-macos-x86_64, r-release-windows-ix86+x86_64