CRAN Package Check Results for Package milr

Last updated on 2024-02-27 19:54:43 CET.

Flavor Version Tinstall Tcheck Ttotal Status Flags
r-devel-linux-x86_64-debian-clang 0.3.1 102.37 137.74 240.11 NOTE
r-devel-linux-x86_64-debian-gcc 0.3.1 83.70 109.69 193.39 NOTE
r-devel-linux-x86_64-fedora-clang 0.3.1 349.18 NOTE
r-devel-linux-x86_64-fedora-gcc 0.3.1 361.75 NOTE
r-devel-windows-x86_64 0.3.1 85.00 157.00 242.00 NOTE
r-patched-linux-x86_64 0.3.1 108.30 134.01 242.31 NOTE
r-release-linux-x86_64 0.3.1 108.47 135.94 244.41 NOTE
r-release-macos-arm64 0.3.1 106.00 NOTE
r-release-macos-x86_64 0.3.1 180.00 NOTE
r-release-windows-x86_64 0.3.1 108.00 175.00 283.00 NOTE
r-oldrel-macos-arm64 0.3.1 105.00 NOTE
r-oldrel-windows-x86_64 0.3.1 107.00 180.00 287.00 NOTE

Additional issues

Intel

Check Details

Version: 0.3.1
Check: C++ specification
Result: NOTE Specified C++11: please drop specification unless essential Flavors: r-devel-linux-x86_64-debian-clang, r-devel-linux-x86_64-debian-gcc, r-devel-linux-x86_64-fedora-clang, r-devel-linux-x86_64-fedora-gcc, r-devel-windows-x86_64, r-patched-linux-x86_64, r-release-linux-x86_64, r-release-macos-arm64, r-release-macos-x86_64, r-release-windows-x86_64

Version: 0.3.1
Check: Rd files
Result: NOTE checkRd: (-1) milr.Rd:45: Lost braces in \itemize; \value handles \item{}{} directly checkRd: (-1) milr.Rd:46-47: Lost braces in \itemize; \value handles \item{}{} directly checkRd: (-1) milr.Rd:48: Lost braces in \itemize; \value handles \item{}{} directly checkRd: (-1) milr.Rd:49: Lost braces in \itemize; \value handles \item{}{} directly checkRd: (-1) milr.Rd:50: Lost braces in \itemize; \value handles \item{}{} directly checkRd: (-1) milr.Rd:51-52: Lost braces in \itemize; \value handles \item{}{} directly Flavors: r-devel-linux-x86_64-debian-clang, r-devel-linux-x86_64-debian-gcc, r-devel-linux-x86_64-fedora-clang, r-devel-linux-x86_64-fedora-gcc

Version: 0.3.1
Check: LazyData
Result: NOTE 'LazyData' is specified without a 'data' directory Flavors: r-devel-linux-x86_64-debian-clang, r-devel-linux-x86_64-debian-gcc, r-devel-linux-x86_64-fedora-clang, r-devel-linux-x86_64-fedora-gcc, r-devel-windows-x86_64, r-patched-linux-x86_64, r-release-linux-x86_64, r-release-macos-arm64, r-release-macos-x86_64, r-release-windows-x86_64, r-oldrel-macos-arm64, r-oldrel-windows-x86_64