CRAN Package Check Results for Package mifa

Last updated on 2021-11-28 07:50:48 CET.

Flavor Version Tinstall Tcheck Ttotal Status Flags
r-devel-linux-x86_64-debian-clang 0.2.0 NOTE
r-devel-linux-x86_64-debian-gcc 0.2.0 1.86 48.50 50.36 NOTE
r-devel-linux-x86_64-fedora-clang 0.2.0 89.48 NOTE
r-devel-linux-x86_64-fedora-gcc 0.2.0 81.21 NOTE
r-devel-windows-x86_64-new-UL 0.2.0 7.00 103.00 110.00 NOTE
r-devel-windows-x86_64-new-TK 0.2.0 NOTE
r-devel-windows-x86_64-old 0.2.0 4.00 97.00 101.00 NOTE
r-patched-linux-x86_64 0.2.0 9.76 61.87 71.63 NOTE
r-patched-solaris-x86 0.2.0 143.40 NOTE
r-release-linux-x86_64 0.2.0 2.48 62.19 64.67 NOTE
r-release-macos-arm64 0.2.0 NOTE
r-release-macos-x86_64 0.2.0 NOTE
r-release-windows-ix86+x86_64 0.2.0 7.00 66.00 73.00 NOTE
r-oldrel-macos-x86_64 0.2.0 OK
r-oldrel-windows-ix86+x86_64 0.2.0 6.00 92.00 98.00 OK

Check Details

Version: 0.2.0
Check: LazyData
Result: NOTE
     'LazyData' is specified without a 'data' directory
Flavors: r-devel-linux-x86_64-debian-clang, r-devel-linux-x86_64-debian-gcc, r-devel-linux-x86_64-fedora-clang, r-devel-linux-x86_64-fedora-gcc, r-devel-windows-x86_64-new-UL, r-devel-windows-x86_64-new-TK, r-devel-windows-x86_64-old, r-patched-linux-x86_64, r-patched-solaris-x86, r-release-linux-x86_64, r-release-macos-arm64, r-release-macos-x86_64, r-release-windows-ix86+x86_64