CRAN Package Check Results for Package midastouch

Last updated on 2021-12-06 19:50:44 CET.

Flavor Version Tinstall Tcheck Ttotal Status Flags
r-devel-linux-x86_64-debian-clang 1.3 1.80 31.62 33.42 NOTE
r-devel-linux-x86_64-debian-gcc 1.3 1.60 24.29 25.89 NOTE
r-devel-linux-x86_64-fedora-clang 1.3 41.17 NOTE
r-devel-linux-x86_64-fedora-gcc 1.3 29.75 NOTE
r-devel-windows-x86_64-new-UL 1.3 5.00 56.00 61.00 NOTE
r-devel-windows-x86_64-new-TK 1.3 NOTE
r-devel-windows-x86_64-old 1.3 4.00 29.00 33.00 NOTE
r-patched-linux-x86_64 1.3 1.77 21.41 23.18 NOTE
r-release-linux-x86_64 1.3 1.70 29.42 31.12 NOTE
r-release-macos-arm64 1.3 NOTE
r-release-macos-x86_64 1.3 NOTE
r-release-windows-ix86+x86_64 1.3 5.00 41.00 46.00 NOTE
r-oldrel-macos-x86_64 1.3 OK
r-oldrel-windows-ix86+x86_64 1.3 6.00 39.00 45.00 OK

Check Details

Version: 1.3
Check: LazyData
Result: NOTE
     'LazyData' is specified without a 'data' directory
Flavors: r-devel-linux-x86_64-debian-clang, r-devel-linux-x86_64-debian-gcc, r-devel-linux-x86_64-fedora-clang, r-devel-linux-x86_64-fedora-gcc, r-devel-windows-x86_64-new-UL, r-devel-windows-x86_64-new-TK, r-devel-windows-x86_64-old, r-patched-linux-x86_64, r-release-linux-x86_64, r-release-macos-arm64, r-release-macos-x86_64, r-release-windows-ix86+x86_64