CRAN Package Check Results for Package miceFast

Last updated on 2021-11-29 07:51:15 CET.

Flavor Version Tinstall Tcheck Ttotal Status Flags
r-devel-linux-x86_64-debian-clang 0.7.1 OK
r-devel-linux-x86_64-debian-gcc 0.7.1 85.76 74.25 160.01 OK
r-devel-linux-x86_64-fedora-clang 0.7.1 318.48 NOTE
r-devel-linux-x86_64-fedora-gcc 0.7.1 298.91 OK
r-devel-windows-x86_64-new-UL 0.7.1 154.00 176.00 330.00 OK
r-devel-windows-x86_64-new-TK 0.7.1 OK
r-devel-windows-x86_64-old 0.7.1 128.00 142.00 270.00 OK
r-patched-linux-x86_64 0.7.1 108.15 93.04 201.19 OK
r-patched-solaris-x86 0.7.1 264.30 OK
r-release-linux-x86_64 0.7.1 87.22 92.63 179.85 OK
r-release-macos-arm64 0.7.1 NOTE
r-release-macos-x86_64 0.7.1 NOTE
r-release-windows-ix86+x86_64 0.7.1 287.00 140.00 427.00 OK
r-oldrel-macos-x86_64 0.7.1 NOTE
r-oldrel-windows-ix86+x86_64 0.7.1 253.00 180.00 433.00 OK

Check Details

Version: 0.7.1
Check: installed package size
Result: NOTE
     installed size is 9.1Mb
     sub-directories of 1Mb or more:
     doc 1.1Mb
     libs 7.7Mb
Flavors: r-devel-linux-x86_64-fedora-clang, r-release-macos-arm64, r-release-macos-x86_64, r-oldrel-macos-x86_64