Last updated on 2023-11-30 19:52:04 CET.
Flavor | Version | Tinstall | Tcheck | Ttotal | Status | Flags |
---|---|---|---|---|---|---|
r-devel-linux-x86_64-debian-clang | 1.1 | 24.51 | 149.84 | 174.35 | NOTE | |
r-devel-linux-x86_64-debian-gcc | 1.1 | 22.42 | 114.31 | 136.73 | NOTE | |
r-devel-linux-x86_64-fedora-clang | 1.1 | 226.43 | OK | |||
r-devel-linux-x86_64-fedora-gcc | 1.1 | 256.10 | OK | |||
r-devel-windows-x86_64 | 1.1 | 23.00 | 133.00 | 156.00 | OK | |
r-patched-linux-x86_64 | 1.1 | 31.97 | 145.52 | 177.49 | OK | |
r-release-linux-x86_64 | 1.1 | 19.03 | 145.62 | 164.65 | OK | |
r-release-macos-arm64 | 1.1 | 95.00 | OK | |||
r-release-macos-x86_64 | 1.1 | 150.00 | OK | |||
r-release-windows-x86_64 | 1.1 | 33.00 | 163.00 | 196.00 | OK | |
r-oldrel-macos-arm64 | 1.1 | 85.00 | OK | |||
r-oldrel-macos-x86_64 | 1.1 | 102.00 | OK | |||
r-oldrel-windows-x86_64 | 1.1 | 35.00 | 166.00 | 201.00 | OK |
Version: 1.1
Check: Rd files
Result: NOTE
checkRd: (-1) rdata.frame.Rd:132: Lost braces in \enumerate; \value handles \item{}{} directly
checkRd: (-1) rdata.frame.Rd:133-134: Lost braces in \enumerate; \value handles \item{}{} directly
checkRd: (-1) rdata.frame.Rd:135-137: Lost braces in \enumerate; \value handles \item{}{} directly
checkRd: (-1) rdata.frame.Rd:138-139: Lost braces in \enumerate; \value handles \item{}{} directly
checkRd: (-1) rdata.frame.Rd:144: Lost braces in \enumerate; \value handles \item{}{} directly
checkRd: (-1) rdata.frame.Rd:145-147: Lost braces in \enumerate; \value handles \item{}{} directly
checkRd: (-1) rdata.frame.Rd:148-150: Lost braces in \enumerate; \value handles \item{}{} directly
Flavors: r-devel-linux-x86_64-debian-clang, r-devel-linux-x86_64-debian-gcc