CRAN Package Check Results for Package mewAvg

Last updated on 2021-12-08 19:51:39 CET.

Flavor Version Tinstall Tcheck Ttotal Status Flags
r-devel-linux-x86_64-debian-clang 0.3.0 3.74 33.96 37.70 NOTE
r-devel-linux-x86_64-debian-gcc 0.3.0 2.63 26.85 29.48 NOTE
r-devel-linux-x86_64-fedora-clang 0.3.0 47.04 NOTE
r-devel-linux-x86_64-fedora-gcc 0.3.0 36.20 NOTE
r-devel-windows-x86_64-new-UL 0.3.0 14.00 71.00 85.00 NOTE
r-devel-windows-x86_64-new-TK 0.3.0 NOTE
r-devel-windows-x86_64-old 0.3.0 10.00 33.00 43.00 NOTE
r-patched-linux-x86_64 0.3.0 3.40 32.52 35.92 NOTE
r-release-linux-x86_64 0.3.0 3.22 32.68 35.90 NOTE
r-release-macos-arm64 0.3.0 NOTE
r-release-macos-x86_64 0.3.0 NOTE
r-release-windows-ix86+x86_64 0.3.0 16.00 36.00 52.00 NOTE
r-oldrel-macos-x86_64 0.3.0 NOTE
r-oldrel-windows-ix86+x86_64 0.3.0 14.00 37.00 51.00 NOTE

Check Details

Version: 0.3.0
Check: DESCRIPTION meta-information
Result: NOTE
    Malformed Description field: should contain one or more complete sentences.
Flavors: r-devel-linux-x86_64-debian-clang, r-devel-linux-x86_64-debian-gcc, r-devel-linux-x86_64-fedora-clang, r-devel-linux-x86_64-fedora-gcc, r-devel-windows-x86_64-new-UL, r-devel-windows-x86_64-new-TK, r-devel-windows-x86_64-old, r-patched-linux-x86_64, r-release-linux-x86_64, r-release-macos-arm64, r-release-macos-x86_64, r-release-windows-ix86+x86_64, r-oldrel-macos-x86_64, r-oldrel-windows-ix86+x86_64

Version: 0.3.0
Check: R code for possible problems
Result: NOTE
    show,mewTyp: no visible global function definition for 'head'
    Undefined global functions or variables:
     head
    Consider adding
     importFrom("utils", "head")
    to your NAMESPACE file.
Flavors: r-devel-linux-x86_64-debian-clang, r-devel-linux-x86_64-debian-gcc, r-devel-linux-x86_64-fedora-clang, r-devel-linux-x86_64-fedora-gcc, r-devel-windows-x86_64-new-UL, r-devel-windows-x86_64-new-TK, r-devel-windows-x86_64-old, r-patched-linux-x86_64, r-release-linux-x86_64, r-release-macos-arm64, r-release-macos-x86_64, r-release-windows-ix86+x86_64, r-oldrel-macos-x86_64, r-oldrel-windows-ix86+x86_64

Version: 0.3.0
Check: compiled code
Result: NOTE
    File ‘mewAvg/libs/mewAvg.so’:
     Found no calls to: ‘R_registerRoutines’, ‘R_useDynamicSymbols’
    
    It is good practice to register native routines and to disable symbol
    search.
    
    See ‘Writing portable packages’ in the ‘Writing R Extensions’ manual.
Flavors: r-devel-linux-x86_64-fedora-clang, r-devel-linux-x86_64-fedora-gcc