CRAN Package Check Results for Package metro

Last updated on 2021-09-26 20:49:14 CEST.

Flavor Version Tinstall Tcheck Ttotal Status Flags
r-devel-linux-x86_64-debian-clang 0.9.1 3.84 41.54 45.38 OK
r-devel-linux-x86_64-debian-gcc 0.9.1 3.37 32.00 35.37 OK
r-devel-linux-x86_64-fedora-clang 0.9.1 62.82 NOTE
r-devel-linux-x86_64-fedora-gcc 0.9.1 52.60 NOTE
r-devel-windows-x86_64 0.9.1 6.00 45.00 51.00 OK
r-devel-windows-x86_64-gcc10-UCRT 0.9.1 NOTE
r-patched-linux-x86_64 0.9.1 5.52 39.15 44.67 OK
r-patched-solaris-x86 0.9.1 77.10 NOTE
r-release-linux-x86_64 0.9.1 4.16 39.37 43.53 OK
r-release-macos-arm64 0.9.1 NOTE
r-release-macos-x86_64 0.9.1 NOTE
r-release-windows-ix86+x86_64 0.9.1 9.00 44.00 53.00 OK
r-oldrel-macos-x86_64 0.9.1 NOTE
r-oldrel-windows-ix86+x86_64 0.9.1 8.00 43.00 51.00 OK

Check Details

Version: 0.9.1
Check: data for non-ASCII characters
Result: NOTE
     Note: found 1 marked UTF-8 string
Flavors: r-devel-linux-x86_64-fedora-clang, r-devel-linux-x86_64-fedora-gcc, r-devel-windows-x86_64-gcc10-UCRT, r-patched-solaris-x86, r-release-macos-arm64, r-release-macos-x86_64, r-oldrel-macos-x86_64