CRAN Package Check Results for Package metaprotr

Last updated on 2021-11-30 19:51:28 CET.

Flavor Version Tinstall Tcheck Ttotal Status Flags
r-devel-linux-x86_64-debian-clang 1.2.2 9.82 75.13 84.95 OK
r-devel-linux-x86_64-debian-gcc 1.2.2 9.22 55.88 65.10 OK
r-devel-linux-x86_64-fedora-clang 1.2.2 113.49 NOTE
r-devel-linux-x86_64-fedora-gcc 1.2.2 99.75 NOTE
r-devel-windows-x86_64-new-UL 1.2.2 23.00 114.00 137.00 OK
r-devel-windows-x86_64-new-TK 1.2.2 NOTE
r-devel-windows-x86_64-old 1.2.2 20.00 69.00 89.00 OK
r-patched-linux-x86_64 1.2.2 9.97 69.88 79.85 OK
r-patched-solaris-x86 1.2.2 135.50 NOTE
r-release-linux-x86_64 1.2.2 10.62 71.45 82.07 OK
r-release-macos-arm64 1.2.2 NOTE
r-release-macos-x86_64 1.2.2 NOTE
r-release-windows-ix86+x86_64 1.2.2 22.00 63.00 85.00 OK
r-oldrel-macos-x86_64 1.2.2 NOTE
r-oldrel-windows-ix86+x86_64 1.2.2 17.00 94.00 111.00 OK

Check Details

Version: 1.2.2
Check: dependencies in R code
Result: NOTE
    Namespaces in Imports field not imported from:
     ‘ade4’ ‘dendextend’ ‘ggforce’ ‘ggrepel’ ‘stringr’ ‘tidyverse’
     All declared Imports should be used.
Flavors: r-devel-linux-x86_64-fedora-clang, r-devel-linux-x86_64-fedora-gcc, r-devel-windows-x86_64-new-TK, r-patched-solaris-x86, r-release-macos-arm64, r-release-macos-x86_64, r-oldrel-macos-x86_64