CRAN Package Check Results for Package metaplot

Last updated on 2022-01-26 19:50:38 CET.

Flavor Version Tinstall Tcheck Ttotal Status Flags
r-devel-linux-x86_64-debian-clang 0.8.3 9.42 110.14 119.56 NOTE
r-devel-linux-x86_64-debian-gcc 0.8.3 5.88 80.06 85.94 NOTE
r-devel-linux-x86_64-fedora-clang 0.8.3 136.31 NOTE
r-devel-linux-x86_64-fedora-gcc 0.8.3 124.83 NOTE
r-devel-windows-x86_64-new-UL 0.8.3 99.00 128.00 227.00 NOTE
r-devel-windows-x86_64-new-TK 0.8.3 NOTE
r-patched-linux-x86_64 0.8.3 11.90 99.11 111.01 NOTE
r-release-linux-x86_64 0.8.3 6.88 97.84 104.72 NOTE
r-release-macos-arm64 0.8.3 NOTE
r-release-macos-x86_64 0.8.3 NOTE
r-release-windows-ix86+x86_64 0.8.3 19.00 115.00 134.00 NOTE
r-oldrel-macos-x86_64 0.8.3 OK
r-oldrel-windows-ix86+x86_64 0.8.3 20.00 118.00 138.00 OK

Check Details

Version: 0.8.3
Check: LazyData
Result: NOTE
     'LazyData' is specified without a 'data' directory
Flavors: r-devel-linux-x86_64-debian-clang, r-devel-linux-x86_64-debian-gcc, r-devel-linux-x86_64-fedora-clang, r-devel-linux-x86_64-fedora-gcc, r-devel-windows-x86_64-new-UL, r-devel-windows-x86_64-new-TK, r-patched-linux-x86_64, r-release-linux-x86_64, r-release-macos-arm64, r-release-macos-x86_64, r-release-windows-ix86+x86_64