CRAN Package Check Results for Package metapack

Last updated on 2021-12-01 19:51:41 CET.

Flavor Version Tinstall Tcheck Ttotal Status Flags
r-devel-linux-x86_64-debian-clang 0.1.4 457.04 69.90 526.94 OK
r-devel-linux-x86_64-debian-gcc 0.1.4 347.95 57.23 405.18 OK
r-devel-linux-x86_64-fedora-clang 0.1.4 840.27 NOTE
r-devel-linux-x86_64-fedora-gcc 0.1.4 738.16 OK
r-devel-windows-x86_64-new-UL 0.1.4 555.00 148.00 703.00 OK
r-devel-windows-x86_64-new-TK 0.1.4 OK
r-devel-windows-x86_64-old 0.1.4 550.00 78.00 628.00 OK
r-patched-linux-x86_64 0.1.4 387.61 68.48 456.09 OK
r-patched-solaris-x86 0.1.4 597.10 OK
r-release-linux-x86_64 0.1.4 389.61 69.95 459.56 OK
r-release-macos-arm64 0.1.4 NOTE
r-release-macos-x86_64 0.1.4 NOTE
r-release-windows-ix86+x86_64 0.1.4 1098.00 103.00 1201.00 NOTE
r-oldrel-macos-x86_64 0.1.4 NOTE
r-oldrel-windows-ix86+x86_64 0.1.4 788.00 99.00 887.00 NOTE

Check Details

Version: 0.1.4
Check: installed package size
Result: NOTE
     installed size is 27.6Mb
     sub-directories of 1Mb or more:
     libs 27.2Mb
Flavors: r-devel-linux-x86_64-fedora-clang, r-release-macos-arm64, r-release-macos-x86_64, r-release-windows-ix86+x86_64, r-oldrel-macos-x86_64, r-oldrel-windows-ix86+x86_64