CRAN Package Check Results for Package metabolic

Last updated on 2024-03-01 19:49:04 CET.

Flavor Version Tinstall Tcheck Ttotal Status Flags
r-devel-linux-x86_64-debian-clang 0.1.2 16.15 108.63 124.78 OK
r-devel-linux-x86_64-debian-gcc 0.1.2 11.70 80.73 92.43 OK
r-devel-linux-x86_64-fedora-clang 0.1.2 154.53 NOTE
r-devel-linux-x86_64-fedora-gcc 0.1.2 148.54 NOTE
r-devel-windows-x86_64 0.1.2 14.00 97.00 111.00 OK
r-patched-linux-x86_64 0.1.2 13.72 110.54 124.26 OK
r-release-linux-x86_64 0.1.2 9.38 106.37 115.75 OK
r-release-macos-arm64 0.1.2 47.00 OK
r-release-macos-x86_64 0.1.2 86.00 OK
r-release-windows-x86_64 0.1.2 18.00 117.00 135.00 OK
r-oldrel-macos-arm64 0.1.2 48.00 OK
r-oldrel-windows-x86_64 0.1.2 18.00 113.00 131.00 OK

Check Details

Version: 0.1.2
Check: data for non-ASCII characters
Result: NOTE Note: found 37 marked UTF-8 strings Flavors: r-devel-linux-x86_64-fedora-clang, r-devel-linux-x86_64-fedora-gcc