CRAN Package Check Results for Package metaRNASeq

Last updated on 2021-09-22 08:50:17 CEST.

Flavor Version Tinstall Tcheck Ttotal Status Flags
r-devel-linux-x86_64-debian-clang 1.0.5 2.03 112.09 114.12 OK
r-devel-linux-x86_64-debian-gcc 1.0.5 1.73 81.31 83.04 OK
r-devel-linux-x86_64-fedora-clang 1.0.5 146.50 OK
r-devel-linux-x86_64-fedora-gcc 1.0.5 132.04 OK
r-devel-windows-x86_64 1.0.5 5.00 34.00 39.00 OK --no-vignettes
r-devel-windows-x86_64-gcc10-UCRT 1.0.5 ERROR
r-patched-linux-x86_64 1.0.5 2.25 106.24 108.49 OK
r-patched-solaris-x86 1.0.5 164.90 OK --no-build-vignettes
r-release-linux-x86_64 1.0.5 2.25 105.05 107.30 OK
r-release-macos-arm64 1.0.5 NOTE
r-release-macos-x86_64 1.0.5 OK
r-release-windows-ix86+x86_64 1.0.5 5.00 35.00 40.00 OK --no-vignettes
r-oldrel-macos-x86_64 1.0.5 OK
r-oldrel-windows-ix86+x86_64 1.0.5 4.00 30.00 34.00 OK --no-vignettes

Check Details

Version: 1.0.5
Check: package dependencies
Result: NOTE
    Package suggested but not available for checking: 'DESeq2'
Flavors: r-devel-windows-x86_64-gcc10-UCRT, r-release-macos-arm64

Version: 1.0.5
Check: PDF version of manual
Result: WARN
    LaTeX errors when creating PDF version.
    This typically indicates Rd problems.
Flavor: r-devel-windows-x86_64-gcc10-UCRT

Version: 1.0.5
Check: PDF version of manual without hyperrefs or index
Result: ERROR
    Re-running with no redirection of stdout/stderr.
Flavor: r-devel-windows-x86_64-gcc10-UCRT