CRAN Package Check Results for Package metaDigitise

Last updated on 2021-11-28 19:48:56 CET.

Flavor Version Tinstall Tcheck Ttotal Status Flags
r-devel-linux-x86_64-debian-clang 1.0.1 NOTE
r-devel-linux-x86_64-debian-gcc 1.0.1 3.25 28.34 31.59 NOTE
r-devel-linux-x86_64-fedora-clang 1.0.1 58.50 NOTE
r-devel-linux-x86_64-fedora-gcc 1.0.1 66.82 NOTE
r-devel-windows-x86_64-new-UL 1.0.1 14.00 79.00 93.00 NOTE
r-devel-windows-x86_64-new-TK 1.0.1 NOTE
r-devel-windows-x86_64-old 1.0.1 5.00 57.00 62.00 NOTE
r-patched-linux-x86_64 1.0.1 4.16 33.00 37.16 NOTE
r-patched-solaris-x86 1.0.1 65.50 NOTE
r-release-linux-x86_64 1.0.1 3.49 33.39 36.88 NOTE
r-release-macos-arm64 1.0.1 NOTE
r-release-macos-x86_64 1.0.1 NOTE
r-release-windows-ix86+x86_64 1.0.1 7.00 39.00 46.00 NOTE
r-oldrel-macos-x86_64 1.0.1 OK
r-oldrel-windows-ix86+x86_64 1.0.1 6.00 56.00 62.00 OK

Check Details

Version: 1.0.1
Check: LazyData
Result: NOTE
     'LazyData' is specified without a 'data' directory
Flavors: r-devel-linux-x86_64-debian-clang, r-devel-linux-x86_64-debian-gcc, r-devel-linux-x86_64-fedora-clang, r-devel-linux-x86_64-fedora-gcc, r-devel-windows-x86_64-new-UL, r-devel-windows-x86_64-new-TK, r-devel-windows-x86_64-old, r-patched-linux-x86_64, r-patched-solaris-x86, r-release-linux-x86_64, r-release-macos-arm64, r-release-macos-x86_64, r-release-windows-ix86+x86_64