Last updated on 2023-06-01 21:52:59 CEST.
Flavor | Version | Tinstall | Tcheck | Ttotal | Status | Flags |
---|---|---|---|---|---|---|
r-devel-linux-x86_64-debian-clang | 0.6.7 | 882.81 | 276.59 | 1159.40 | NOTE | |
r-devel-linux-x86_64-debian-gcc | 0.6.7 | 838.55 | 258.14 | 1096.69 | NOTE | |
r-devel-linux-x86_64-fedora-clang | 0.6.7 | 1412.69 | NOTE | |||
r-devel-linux-x86_64-fedora-gcc | 0.6.7 | 1771.81 | NOTE | |||
r-devel-windows-x86_64 | 0.6.7 | 690.00 | 269.00 | 959.00 | NOTE | |
r-patched-linux-x86_64 | 0.6.7 | NOTE | ||||
r-release-linux-x86_64 | 0.6.7 | 717.81 | 329.40 | 1047.21 | NOTE | |
r-release-macos-arm64 | 0.6.7 | 463.00 | NOTE | |||
r-release-macos-x86_64 | 0.6.7 | 710.00 | NOTE | |||
r-release-windows-x86_64 | 0.6.7 | 913.00 | 372.00 | 1285.00 | NOTE | |
r-oldrel-macos-arm64 | 0.6.7 | 402.00 | NOTE | |||
r-oldrel-macos-x86_64 | 0.6.7 | 661.00 | NOTE | |||
r-oldrel-windows-x86_64 | 0.6.7 | 838.00 | 337.00 | 1175.00 | NOTE |
Version: 0.6.7
Check: for GNU extensions in Makefiles
Result: NOTE
GNU make is a SystemRequirements.
Flavors: r-devel-linux-x86_64-debian-clang, r-devel-linux-x86_64-debian-gcc, r-devel-linux-x86_64-fedora-clang, r-devel-linux-x86_64-fedora-gcc, r-devel-windows-x86_64, r-patched-linux-x86_64, r-release-linux-x86_64, r-release-macos-arm64, r-release-macos-x86_64, r-release-windows-x86_64, r-oldrel-macos-arm64, r-oldrel-macos-x86_64, r-oldrel-windows-x86_64
Version: 0.6.7
Check: installed package size
Result: NOTE
installed size is 8.9Mb
sub-directories of 1Mb or more:
libs 8.2Mb
Flavors: r-devel-linux-x86_64-fedora-clang, r-devel-windows-x86_64, r-release-macos-arm64, r-release-macos-x86_64, r-release-windows-x86_64, r-oldrel-macos-arm64, r-oldrel-macos-x86_64, r-oldrel-windows-x86_64