CRAN Package Check Results for Package metR

Last updated on 2021-12-09 07:50:17 CET.

Flavor Version Tinstall Tcheck Ttotal Status Flags
r-devel-linux-x86_64-debian-clang 0.11.0 17.33 383.96 401.29 OK
r-devel-linux-x86_64-debian-gcc 0.11.0 16.36 266.67 283.03 OK
r-devel-linux-x86_64-fedora-clang 0.11.0 417.38 NOTE
r-devel-linux-x86_64-fedora-gcc 0.11.0 407.09 NOTE
r-devel-windows-x86_64-new-UL 0.11.0 42.00 442.00 484.00 OK
r-devel-windows-x86_64-new-TK 0.11.0 NOTE
r-devel-windows-x86_64-old 0.11.0 30.00 342.00 372.00 OK
r-patched-linux-x86_64 0.11.0 24.06 322.54 346.60 OK
r-release-linux-x86_64 0.11.0 18.29 320.69 338.98 OK
r-release-macos-arm64 0.11.0 NOTE
r-release-macos-x86_64 0.11.0 NOTE
r-release-windows-ix86+x86_64 0.11.0 25.00 372.00 397.00 OK
r-oldrel-macos-x86_64 0.11.0 NOTE
r-oldrel-windows-ix86+x86_64 0.11.0 34.00 429.00 463.00 OK

Check Details

Version: 0.11.0
Check: dependencies in R code
Result: NOTE
    Namespace in Imports field not imported from: ‘memoise’
     All declared Imports should be used.
Flavors: r-devel-linux-x86_64-fedora-clang, r-devel-linux-x86_64-fedora-gcc, r-devel-windows-x86_64-new-TK, r-release-macos-arm64, r-release-macos-x86_64, r-oldrel-macos-x86_64

Version: 0.11.0
Check: Rd cross-references
Result: NOTE
    Undeclared package ‘rlang’ in Rd xrefs
Flavor: r-devel-linux-x86_64-fedora-clang

Version: 0.11.0
Check: package dependencies
Result: NOTE
    Package suggested but not available for checking: ‘udunits2’
Flavors: r-release-macos-arm64, r-release-macos-x86_64