CRAN Package Check Results for Package messaging

Last updated on 2024-02-24 19:50:44 CET.

Flavor Version Tinstall Tcheck Ttotal Status Flags
r-devel-linux-x86_64-debian-clang 0.1.0 4.54 43.19 47.73 NOTE
r-devel-linux-x86_64-debian-gcc 0.1.0 4.04 32.89 36.93 NOTE
r-devel-linux-x86_64-fedora-clang 0.1.0 57.75 NOTE
r-devel-linux-x86_64-fedora-gcc 0.1.0 56.08 NOTE
r-devel-windows-x86_64 0.1.0 6.00 53.00 59.00 NOTE
r-patched-linux-x86_64 0.1.0 4.84 41.20 46.04 NOTE
r-release-linux-x86_64 0.1.0 5.16 41.30 46.46 NOTE
r-release-macos-arm64 0.1.0 24.00 NOTE
r-release-macos-x86_64 0.1.0 31.00 NOTE
r-release-windows-x86_64 0.1.0 7.00 57.00 64.00 NOTE
r-oldrel-macos-arm64 0.1.0 23.00 NOTE
r-oldrel-windows-x86_64 0.1.0 7.00 62.00 69.00 NOTE

Check Details

Version: 0.1.0
Check: LazyData
Result: NOTE 'LazyData' is specified without a 'data' directory Flavors: r-devel-linux-x86_64-debian-clang, r-devel-linux-x86_64-debian-gcc, r-devel-linux-x86_64-fedora-clang, r-devel-linux-x86_64-fedora-gcc, r-devel-windows-x86_64, r-patched-linux-x86_64, r-release-linux-x86_64, r-release-macos-arm64, r-release-macos-x86_64, r-release-windows-x86_64, r-oldrel-macos-arm64, r-oldrel-windows-x86_64