CRAN Package Check Results for Package merTools

Last updated on 2022-01-24 07:49:54 CET.

Flavor Version Tinstall Tcheck Ttotal Status Flags
r-devel-linux-x86_64-debian-clang 0.5.2 16.85 210.30 227.15 OK
r-devel-linux-x86_64-debian-gcc 0.5.2 12.83 159.17 172.00 OK
r-devel-linux-x86_64-fedora-clang 0.5.2 277.89 OK
r-devel-linux-x86_64-fedora-gcc 0.5.2 256.61 OK
r-devel-windows-x86_64-new-UL 0.5.2 88.00 210.00 298.00 OK --no-vignettes
r-devel-windows-x86_64-new-TK 0.5.2 ERROR
r-patched-linux-x86_64 0.5.2 18.51 203.27 221.78 OK
r-release-linux-x86_64 0.5.2 10.00 202.38 212.38 OK
r-release-macos-arm64 0.5.2 OK
r-release-macos-x86_64 0.5.2 OK
r-release-windows-ix86+x86_64 0.5.2 33.00 232.00 265.00 OK --no-vignettes
r-oldrel-macos-x86_64 0.5.2 OK
r-oldrel-windows-ix86+x86_64 0.5.2 34.00 222.00 256.00 OK --no-vignettes

Check Details

Version: 0.5.2
Check: package dependencies
Result: ERROR
    Packages required but not available: 'arm', 'lme4', 'blme'
    
    Package suggested but not available for checking: 'rstanarm'
    
    See section 'The DESCRIPTION file' in the 'Writing R Extensions'
    manual.
Flavor: r-devel-windows-x86_64-new-TK