CRAN Package Check Results for Package memoria

Last updated on 2023-01-27 08:52:41 CET.

Flavor Version Tinstall Tcheck Ttotal Status Flags
r-devel-linux-x86_64-debian-clang 1.0.0 18.35 149.64 167.99 NOTE
r-devel-linux-x86_64-debian-gcc 1.0.0 14.16 109.20 123.36 NOTE
r-devel-linux-x86_64-fedora-clang 1.0.0 208.67 NOTE
r-devel-linux-x86_64-fedora-gcc 1.0.0 213.15 NOTE
r-patched-linux-x86_64 1.0.0 19.88 142.91 162.79 OK
r-release-linux-x86_64 1.0.0 12.64 139.84 152.48 OK
r-release-macos-arm64 1.0.0 50.00 OK
r-release-macos-x86_64 1.0.0 92.00 OK
r-release-windows-x86_64 1.0.0 34.00 173.00 207.00 OK
r-oldrel-macos-arm64 1.0.0 58.00 OK
r-oldrel-macos-x86_64 1.0.0 103.00 OK
r-oldrel-windows-ix86+x86_64 1.0.0 41.00 166.00 207.00 OK

Check Details

Version: 1.0.0
Check: package subdirectories
Result: NOTE
    Problems with news in ‘NEWS.md’:
    No news entries found.
Flavors: r-devel-linux-x86_64-debian-clang, r-devel-linux-x86_64-debian-gcc, r-devel-linux-x86_64-fedora-clang, r-devel-linux-x86_64-fedora-gcc