CRAN Package Check Results for Package memofunc

Last updated on 2022-01-26 07:52:50 CET.

Flavor Version Tinstall Tcheck Ttotal Status Flags
r-devel-linux-x86_64-debian-clang 1.0.2 1.73 34.84 36.57 NOTE
r-devel-linux-x86_64-debian-gcc 1.0.2 1.74 27.82 29.56 NOTE
r-devel-linux-x86_64-fedora-clang 1.0.2 46.20 NOTE
r-devel-linux-x86_64-fedora-gcc 1.0.2 35.19 NOTE
r-devel-windows-x86_64-new-UL 1.0.2 41.00 64.00 105.00 NOTE
r-devel-windows-x86_64-new-TK 1.0.2 NOTE
r-patched-linux-x86_64 1.0.2 1.88 33.66 35.54 NOTE
r-release-linux-x86_64 1.0.2 1.83 33.58 35.41 NOTE
r-release-macos-arm64 1.0.2 NOTE
r-release-macos-x86_64 1.0.2 NOTE
r-release-windows-ix86+x86_64 1.0.2 7.00 48.00 55.00 NOTE
r-oldrel-macos-x86_64 1.0.2 OK
r-oldrel-windows-ix86+x86_64 1.0.2 7.00 48.00 55.00 OK

Check Details

Version: 1.0.2
Check: LazyData
Result: NOTE
     'LazyData' is specified without a 'data' directory
Flavors: r-devel-linux-x86_64-debian-clang, r-devel-linux-x86_64-debian-gcc, r-devel-linux-x86_64-fedora-clang, r-devel-linux-x86_64-fedora-gcc, r-devel-windows-x86_64-new-UL, r-devel-windows-x86_64-new-TK, r-patched-linux-x86_64, r-release-linux-x86_64, r-release-macos-arm64, r-release-macos-x86_64, r-release-windows-ix86+x86_64