CRAN Package Check Results for Package memofunc

Last updated on 2021-09-27 21:49:12 CEST.

Flavor Version Tinstall Tcheck Ttotal Status Flags
r-devel-linux-x86_64-debian-clang 1.0.2 2.01 27.54 29.55 NOTE
r-devel-linux-x86_64-debian-gcc 1.0.2 1.75 21.45 23.20 NOTE
r-devel-linux-x86_64-fedora-clang 1.0.2 44.65 NOTE
r-devel-linux-x86_64-fedora-gcc 1.0.2 33.94 NOTE
r-devel-windows-x86_64 1.0.2 4.00 36.00 40.00 NOTE
r-devel-windows-x86_64-gcc10-UCRT 1.0.2 NOTE
r-patched-linux-x86_64 1.0.2 2.61 26.68 29.29 NOTE
r-patched-solaris-x86 1.0.2 53.00 NOTE
r-release-linux-x86_64 1.0.2 2.00 26.72 28.72 NOTE
r-release-macos-arm64 1.0.2 NOTE
r-release-macos-x86_64 1.0.2 NOTE
r-release-windows-ix86+x86_64 1.0.2 6.00 38.00 44.00 NOTE
r-oldrel-macos-x86_64 1.0.2 OK
r-oldrel-windows-ix86+x86_64 1.0.2 14.00 38.00 52.00 OK

Check Details

Version: 1.0.2
Check: LazyData
Result: NOTE
     'LazyData' is specified without a 'data' directory
Flavors: r-devel-linux-x86_64-debian-clang, r-devel-linux-x86_64-debian-gcc, r-devel-linux-x86_64-fedora-clang, r-devel-linux-x86_64-fedora-gcc, r-devel-windows-x86_64, r-devel-windows-x86_64-gcc10-UCRT, r-patched-linux-x86_64, r-patched-solaris-x86, r-release-linux-x86_64, r-release-macos-arm64, r-release-macos-x86_64, r-release-windows-ix86+x86_64