CRAN Package Check Results for Package memisc

Last updated on 2022-06-24 22:53:40 CEST.

Flavor Version Tinstall Tcheck Ttotal Status Flags
r-devel-linux-x86_64-debian-clang 0.99.30.7 38.10 188.17 226.27 NOTE
r-devel-linux-x86_64-debian-gcc 0.99.30.7 33.15 137.78 170.93 NOTE
r-devel-linux-x86_64-fedora-clang 0.99.30.7 285.71 NOTE
r-devel-linux-x86_64-fedora-gcc 0.99.30.7 277.66 NOTE
r-devel-windows-x86_64 0.99.30.7 146.00 242.00 388.00 NOTE
r-patched-linux-x86_64 0.99.30.7 41.57 173.71 215.28 OK
r-release-linux-x86_64 0.99.30.7 33.07 173.60 206.67 OK
r-release-macos-arm64 0.99.30.7 67.00 NOTE
r-release-macos-x86_64 0.99.30.7 95.00 NOTE
r-release-windows-x86_64 0.99.30.7 148.00 220.00 368.00 NOTE
r-oldrel-macos-arm64 0.99.30.7 82.00 NOTE
r-oldrel-macos-x86_64 0.99.30.7 95.00 NOTE
r-oldrel-windows-ix86+x86_64 0.99.30.7 78.00 259.00 337.00 NOTE

Check Details

Version: 0.99.30.7
Check: Rd files
Result: NOTE
    checkRd: (-1) toLatexExtra.Rd:147: Escaped LaTeX specials: \$ \_ \^
Flavors: r-devel-linux-x86_64-debian-clang, r-devel-linux-x86_64-debian-gcc, r-devel-linux-x86_64-fedora-clang, r-devel-linux-x86_64-fedora-gcc, r-devel-windows-x86_64

Version: 0.99.30.7
Check: installed package size
Result: NOTE
     installed size is 5.5Mb
     sub-directories of 1Mb or more:
     R 1.4Mb
     doc 3.1Mb
Flavors: r-devel-linux-x86_64-fedora-clang, r-devel-windows-x86_64, r-release-macos-arm64, r-release-macos-x86_64, r-release-windows-x86_64, r-oldrel-macos-arm64, r-oldrel-macos-x86_64, r-oldrel-windows-ix86+x86_64