CRAN Package Check Results for Package memgene

Last updated on 2024-02-27 19:54:43 CET.

Flavor Version Tinstall Tcheck Ttotal Status Flags
r-devel-linux-x86_64-debian-clang 1.0.2 42.82 383.87 426.69 NOTE
r-devel-linux-x86_64-debian-gcc 1.0.2 33.66 276.22 309.88 NOTE
r-devel-linux-x86_64-fedora-clang 1.0.2 510.15 NOTE
r-devel-linux-x86_64-fedora-gcc 1.0.2 501.41 NOTE
r-devel-windows-x86_64 1.0.2 31.00 243.00 274.00 OK
r-patched-linux-x86_64 1.0.2 38.32 364.59 402.91 OK
r-release-linux-x86_64 1.0.2 33.80 365.06 398.86 OK
r-release-macos-arm64 1.0.2 139.00 OK
r-release-macos-x86_64 1.0.2 233.00 OK
r-release-windows-x86_64 1.0.2 42.00 327.00 369.00 OK
r-oldrel-macos-arm64 1.0.2 103.00 OK
r-oldrel-windows-x86_64 1.0.2 43.00 318.00 361.00 OK

Check Details

Version: 1.0.2
Check: Rd files
Result: NOTE checkRd: (-1) mgLandscape.Rd:79: Lost braces 79 | A code{$summary} table giving the results of the variation partitioning. The following table | ^ Flavors: r-devel-linux-x86_64-debian-clang, r-devel-linux-x86_64-debian-gcc, r-devel-linux-x86_64-fedora-clang, r-devel-linux-x86_64-fedora-gcc