CRAN Package Check Results for Package melt

Last updated on 2022-05-18 21:53:20 CEST.

Flavor Version Tinstall Tcheck Ttotal Status Flags
r-devel-linux-x86_64-debian-clang 1.5.1 272.57 66.03 338.60 OK
r-devel-linux-x86_64-debian-gcc 1.5.1 214.36 54.95 269.31 OK
r-devel-linux-x86_64-fedora-clang 1.5.1 541.24 NOTE
r-devel-linux-x86_64-fedora-gcc 1.5.1 436.96 OK
r-devel-windows-x86_64 1.5.1 184.00 116.00 300.00 OK
r-patched-linux-x86_64 1.5.1 229.32 71.68 301.00 OK
r-release-linux-x86_64 1.5.1 219.99 75.62 295.61 OK
r-release-macos-arm64 1.5.1 97.00 NOTE
r-release-macos-x86_64 1.5.1 159.00 NOTE
r-release-windows-x86_64 1.5.1 187.00 118.00 305.00 OK
r-oldrel-macos-arm64 1.5.1 98.00 NOTE
r-oldrel-macos-x86_64 1.5.1 136.00 NOTE
r-oldrel-windows-ix86+x86_64 1.5.1 588.00 135.00 723.00 OK

Check Details

Version: 1.5.1
Check: installed package size
Result: NOTE
     installed size is 55.0Mb
     sub-directories of 1Mb or more:
     libs 54.6Mb
Flavors: r-devel-linux-x86_64-fedora-clang, r-release-macos-arm64, r-release-macos-x86_64, r-oldrel-macos-arm64, r-oldrel-macos-x86_64