CRAN Package Check Results for Package mefa

Last updated on 2020-10-21 08:49:19 CEST.

Flavor Version Tinstall Tcheck Ttotal Status Flags
r-devel-linux-x86_64-debian-clang 3.2-7 4.38 57.51 61.89 OK
r-devel-linux-x86_64-debian-gcc 3.2-7 3.69 44.54 48.23 OK
r-devel-linux-x86_64-fedora-clang 3.2-7 85.99 NOTE
r-devel-linux-x86_64-fedora-gcc 3.2-7 75.23 OK
r-devel-windows-ix86+x86_64 3.2-7 9.00 82.00 91.00 OK
r-patched-linux-x86_64 3.2-7 4.21 54.39 58.60 OK
r-patched-solaris-x86 3.2-7 98.00 OK
r-release-linux-x86_64 3.2-7 4.97 54.39 59.36 OK
r-release-macos-x86_64 3.2-7 OK
r-release-windows-ix86+x86_64 3.2-7 7.00 58.00 65.00 OK
r-oldrel-macos-x86_64 3.2-7 OK
r-oldrel-windows-ix86+x86_64 3.2-7 6.00 78.00 84.00 OK

Check Details

Version: 3.2-7
Check: Rd cross-references
Result: NOTE
    Undeclared packages ‘reshape’, ‘simba’, ‘labdsv’, ‘Hmisc’, ‘untb’ in Rd xrefs
Flavor: r-devel-linux-x86_64-fedora-clang