Last updated on 2023-12-04 18:52:21 CET.
Flavor | Version | Tinstall | Tcheck | Ttotal | Status | Flags |
---|---|---|---|---|---|---|
r-devel-linux-x86_64-debian-clang | 0.2-2 | 6.36 | 49.07 | 55.43 | OK | |
r-devel-linux-x86_64-debian-gcc | 0.2-2 | 4.54 | 36.48 | 41.02 | OK | |
r-devel-linux-x86_64-fedora-clang | 0.2-2 | 71.80 | NOTE | |||
r-devel-linux-x86_64-fedora-gcc | 0.2-2 | 76.65 | NOTE | |||
r-devel-windows-x86_64 | 0.2-2 | 6.00 | 60.00 | 66.00 | OK | |
r-patched-linux-x86_64 | 0.2-2 | 4.25 | 47.10 | 51.35 | OK | |
r-release-linux-x86_64 | 0.2-2 | 3.30 | 47.14 | 50.44 | OK | |
r-release-macos-arm64 | 0.2-2 | 32.00 | OK | |||
r-release-macos-x86_64 | 0.2-2 | 39.00 | OK | |||
r-release-windows-x86_64 | 0.2-2 | 7.00 | 65.00 | 72.00 | OK | |
r-oldrel-macos-arm64 | 0.2-2 | 25.00 | NOTE | |||
r-oldrel-macos-x86_64 | 0.2-2 | 41.00 | NOTE | |||
r-oldrel-windows-x86_64 | 0.2-2 | 7.00 | 65.00 | 72.00 | OK |
Version: 0.2-2
Check: dependencies in R code
Result: NOTE
Namespace in Imports field not imported from: ‘dplyr’
All declared Imports should be used.
Flavors: r-devel-linux-x86_64-fedora-clang, r-devel-linux-x86_64-fedora-gcc, r-oldrel-macos-arm64, r-oldrel-macos-x86_64