Last updated on 2022-08-07 21:56:28 CEST.
Flavor | Version | Tinstall | Tcheck | Ttotal | Status | Flags |
---|---|---|---|---|---|---|
r-devel-linux-x86_64-debian-clang | 1.4-9.2 | 5.01 | 163.38 | 168.39 | NOTE | |
r-devel-linux-x86_64-debian-gcc | 1.4-9.2 | 3.98 | 117.65 | 121.63 | NOTE | |
r-devel-linux-x86_64-fedora-clang | 1.4-9.2 | 197.70 | NOTE | |||
r-devel-linux-x86_64-fedora-gcc | 1.4-9.2 | 197.60 | NOTE | |||
r-devel-windows-x86_64 | 1.4-9.2 | 17.00 | 211.00 | 228.00 | NOTE | |
r-patched-linux-x86_64 | 1.4-9.2 | 5.51 | 147.98 | 153.49 | OK | |
r-release-linux-x86_64 | 1.4-9.2 | 4.86 | 148.96 | 153.82 | OK | |
r-release-macos-arm64 | 1.4-9.2 | 89.00 | OK | |||
r-release-macos-x86_64 | 1.4-9.2 | 139.00 | OK | |||
r-release-windows-x86_64 | 1.4-9.2 | 18.00 | 196.00 | 214.00 | OK | |
r-oldrel-macos-arm64 | 1.4-9.2 | 101.00 | OK | |||
r-oldrel-macos-x86_64 | 1.4-9.2 | 135.00 | OK | |||
r-oldrel-windows-ix86+x86_64 | 1.4-9.2 | 13.00 | 211.00 | 224.00 | OK |
Version: 1.4-9.2
Check: Rd files
Result: NOTE
checkRd: (-1) mebootSpear.Rd:88: Escaped LaTeX specials: \_
checkRd: (-1) ullwan.Rd:5: Escaped LaTeX specials: \&
checkRd: (-1) ullwan.Rd:8: Escaped LaTeX specials: \& \$
Flavors: r-devel-linux-x86_64-debian-clang, r-devel-linux-x86_64-debian-gcc, r-devel-linux-x86_64-fedora-clang, r-devel-linux-x86_64-fedora-gcc, r-devel-windows-x86_64