CRAN Package Check Results for Package measr

Last updated on 2024-03-01 19:49:04 CET.

Flavor Version Tinstall Tcheck Ttotal Status Flags
r-devel-linux-x86_64-debian-clang 1.0.0 481.36 638.05 1119.41 NOTE
r-devel-linux-x86_64-debian-gcc 1.0.0 516.62 594.72 1111.34 NOTE
r-devel-linux-x86_64-fedora-clang 1.0.0 1416.33 NOTE
r-devel-linux-x86_64-fedora-gcc 1.0.0 1879.62 NOTE
r-devel-windows-x86_64 1.0.0 377.00 487.00 864.00 NOTE
r-patched-linux-x86_64 1.0.0 391.29 761.20 1152.49 NOTE
r-release-linux-x86_64 1.0.0 473.18 787.02 1260.20 NOTE
r-release-macos-arm64 1.0.0 352.00 NOTE
r-release-macos-x86_64 1.0.0 579.00 NOTE
r-release-windows-x86_64 1.0.0 538.00 691.00 1229.00 NOTE
r-oldrel-macos-arm64 1.0.0 345.00 NOTE
r-oldrel-windows-x86_64 1.0.0 451.00 677.00 1128.00 NOTE

Check Details

Version: 1.0.0
Check: package dependencies
Result: NOTE Package suggested but not available for checking: ‘cmdstanr’ Flavors: r-devel-linux-x86_64-debian-clang, r-devel-linux-x86_64-debian-gcc, r-devel-linux-x86_64-fedora-clang, r-devel-linux-x86_64-fedora-gcc, r-devel-windows-x86_64, r-patched-linux-x86_64, r-release-linux-x86_64, r-release-macos-arm64, r-release-macos-x86_64, r-release-windows-x86_64, r-oldrel-macos-arm64, r-oldrel-windows-x86_64

Version: 1.0.0
Check: for GNU extensions in Makefiles
Result: NOTE GNU make is a SystemRequirements. Flavors: r-devel-linux-x86_64-debian-clang, r-devel-linux-x86_64-debian-gcc, r-devel-linux-x86_64-fedora-clang, r-devel-linux-x86_64-fedora-gcc, r-devel-windows-x86_64, r-patched-linux-x86_64, r-release-linux-x86_64, r-release-macos-arm64, r-release-macos-x86_64, r-release-windows-x86_64, r-oldrel-macos-arm64, r-oldrel-windows-x86_64

Version: 1.0.0
Check: installed package size
Result: NOTE installed size is 6.4Mb sub-directories of 1Mb or more: libs 4.9Mb Flavors: r-devel-linux-x86_64-fedora-clang, r-devel-windows-x86_64, r-release-macos-arm64, r-release-macos-x86_64, r-release-windows-x86_64, r-oldrel-macos-arm64, r-oldrel-windows-x86_64

Version: 1.0.0
Check: dependencies in R code
Result: NOTE Namespaces in Imports field not imported from: ‘RcppParallel’ ‘rstantools’ All declared Imports should be used. Flavors: r-devel-linux-x86_64-fedora-clang, r-devel-linux-x86_64-fedora-gcc