Last updated on 2023-03-30 08:53:42 CEST.
Flavor | Version | Tinstall | Tcheck | Ttotal | Status | Flags |
---|---|---|---|---|---|---|
r-devel-linux-x86_64-debian-clang | 2020.6-17 | 9.19 | 76.34 | 85.53 | NOTE | |
r-devel-linux-x86_64-debian-gcc | 2020.6-17 | 6.81 | 58.23 | 65.04 | NOTE | |
r-devel-linux-x86_64-fedora-clang | 2020.6-17 | 104.59 | NOTE | |||
r-devel-linux-x86_64-fedora-gcc | 2020.6-17 | 112.88 | NOTE | |||
r-devel-windows-x86_64 | 2020.6-17 | 16.00 | 0.00 | 16.00 | NOTE | |
r-patched-linux-x86_64 | 2020.6-17 | 8.00 | 73.13 | 81.13 | NOTE | |
r-release-linux-x86_64 | 2020.6-17 | 7.21 | 72.44 | 79.65 | NOTE | |
r-release-macos-arm64 | 2020.6-17 | 32.00 | NOTE | |||
r-release-macos-x86_64 | 2020.6-17 | 46.00 | NOTE | |||
r-release-windows-x86_64 | 2020.6-17 | 19.00 | 104.00 | 123.00 | NOTE | |
r-oldrel-macos-arm64 | 2020.6-17 | 38.00 | NOTE | |||
r-oldrel-macos-x86_64 | 2020.6-17 | 65.00 | NOTE | |||
r-oldrel-windows-ix86+x86_64 | 2020.6-17 | 17.00 | 97.00 | 114.00 | NOTE |
Version: 2020.6-17
Check: package dependencies
Result: NOTE
Package suggested but not available for checking: ‘MethylCapSig’
Flavors: r-devel-linux-x86_64-debian-clang, r-devel-linux-x86_64-debian-gcc, r-devel-linux-x86_64-fedora-clang, r-devel-linux-x86_64-fedora-gcc, r-patched-linux-x86_64, r-release-linux-x86_64
Version: 2020.6-17
Check: LazyData
Result: NOTE
'LazyData' is specified without a 'data' directory
Flavors: r-devel-linux-x86_64-debian-clang, r-devel-linux-x86_64-debian-gcc, r-devel-linux-x86_64-fedora-clang, r-devel-linux-x86_64-fedora-gcc, r-devel-windows-x86_64, r-patched-linux-x86_64, r-release-linux-x86_64, r-release-macos-arm64, r-release-macos-x86_64, r-release-windows-x86_64, r-oldrel-macos-arm64, r-oldrel-macos-x86_64, r-oldrel-windows-ix86+x86_64