CRAN Package Check Results for Package mdsr

Last updated on 2019-12-07 08:49:32 CET.

Flavor Version Tinstall Tcheck Ttotal Status Flags
r-devel-linux-x86_64-debian-clang 0.1.7 18.71 107.04 125.75 OK
r-devel-linux-x86_64-debian-gcc 0.1.7 16.60 83.80 100.40 OK
r-devel-linux-x86_64-fedora-clang 0.1.7 148.02 NOTE
r-devel-linux-x86_64-fedora-gcc 0.1.7 146.39 NOTE
r-devel-windows-ix86+x86_64 0.1.7 33.00 165.00 198.00 NOTE
r-devel-windows-ix86+x86_64-gcc8 0.1.7 36.00 189.00 225.00 NOTE
r-patched-linux-x86_64 0.1.7 17.08 96.33 113.41 OK
r-patched-solaris-x86 0.1.7 232.30 NOTE
r-release-linux-x86_64 0.1.7 15.13 95.19 110.32 OK
r-release-windows-ix86+x86_64 0.1.7 30.00 117.00 147.00 NOTE
r-release-osx-x86_64 0.1.7 NOTE
r-oldrel-windows-ix86+x86_64 0.1.7 24.00 154.00 178.00 NOTE
r-oldrel-osx-x86_64 0.1.7 NOTE

Check Details

Version: 0.1.7
Check: installed package size
Result: NOTE
     installed size is 5.5Mb
     sub-directories of 1Mb or more:
     data 5.4Mb
Flavors: r-devel-linux-x86_64-fedora-clang, r-devel-windows-ix86+x86_64, r-devel-windows-ix86+x86_64-gcc8, r-patched-solaris-x86, r-release-windows-ix86+x86_64, r-release-osx-x86_64, r-oldrel-windows-ix86+x86_64, r-oldrel-osx-x86_64

Version: 0.1.7
Check: data for non-ASCII characters
Result: NOTE
     Note: found 2694 marked UTF-8 strings
Flavors: r-devel-linux-x86_64-fedora-clang, r-devel-linux-x86_64-fedora-gcc, r-patched-solaris-x86, r-release-osx-x86_64, r-oldrel-osx-x86_64