CRAN Package Check Results for Package mdsr

Last updated on 2019-08-17 11:47:28 CEST.

Flavor Version Tinstall Tcheck Ttotal Status Flags
r-devel-linux-x86_64-debian-clang 0.1.7 19.81 98.16 117.97 OK
r-devel-linux-x86_64-debian-gcc 0.1.7 16.54 78.67 95.21 OK
r-devel-linux-x86_64-fedora-clang 0.1.7 144.34 NOTE
r-devel-linux-x86_64-fedora-gcc 0.1.7 138.00 NOTE
r-devel-windows-ix86+x86_64 0.1.7 45.00 166.00 211.00 NOTE
r-patched-linux-x86_64 0.1.7 18.15 96.26 114.41 OK
r-patched-solaris-x86 0.1.7 236.20 NOTE
r-release-linux-x86_64 0.1.7 17.12 95.35 112.47 OK
r-release-windows-ix86+x86_64 0.1.7 32.00 173.00 205.00 NOTE
r-release-osx-x86_64 0.1.7 NOTE
r-oldrel-windows-ix86+x86_64 0.1.7 30.00 167.00 197.00 NOTE
r-oldrel-osx-x86_64 0.1.7 NOTE

Check Details

Version: 0.1.7
Check: installed package size
Result: NOTE
     installed size is 5.5Mb
     sub-directories of 1Mb or more:
     data 5.4Mb
Flavors: r-devel-linux-x86_64-fedora-clang, r-devel-windows-ix86+x86_64, r-patched-solaris-x86, r-release-windows-ix86+x86_64, r-release-osx-x86_64, r-oldrel-windows-ix86+x86_64, r-oldrel-osx-x86_64

Version: 0.1.7
Check: data for non-ASCII characters
Result: NOTE
     Note: found 2694 marked UTF-8 strings
Flavors: r-devel-linux-x86_64-fedora-clang, r-devel-linux-x86_64-fedora-gcc, r-patched-solaris-x86, r-release-osx-x86_64, r-oldrel-osx-x86_64