CRAN Package Check Results for Package mdatools

Last updated on 2021-09-22 08:50:16 CEST.

Flavor Version Tinstall Tcheck Ttotal Status Flags
r-devel-linux-x86_64-debian-clang 0.12.0 19.57 141.48 161.05 OK
r-devel-linux-x86_64-debian-gcc 0.12.0 16.21 107.35 123.56 OK
r-devel-linux-x86_64-fedora-clang 0.12.0 202.57 OK
r-devel-linux-x86_64-fedora-gcc 0.12.0 188.99 OK
r-devel-windows-x86_64 0.12.0 20.00 127.00 147.00 OK
r-devel-windows-x86_64-gcc10-UCRT 0.12.0 ERROR
r-patched-linux-x86_64 0.12.0 21.32 136.17 157.49 OK
r-patched-solaris-x86 0.12.0 242.50 OK
r-release-linux-x86_64 0.12.0 16.70 136.18 152.88 OK
r-release-macos-arm64 0.12.0 OK
r-release-macos-x86_64 0.12.0 OK
r-release-windows-ix86+x86_64 0.12.0 29.00 144.00 173.00 OK
r-oldrel-macos-x86_64 0.12.0 OK
r-oldrel-windows-ix86+x86_64 0.12.0 24.00 121.00 145.00 OK

Check Details

Version: 0.12.0
Check: PDF version of manual
Result: WARN
    LaTeX errors when creating PDF version.
    This typically indicates Rd problems.
Flavor: r-devel-windows-x86_64-gcc10-UCRT

Version: 0.12.0
Check: PDF version of manual without hyperrefs or index
Result: ERROR
    Re-running with no redirection of stdout/stderr.
Flavor: r-devel-windows-x86_64-gcc10-UCRT