CRAN Package Check Results for Package mcmsupply

Last updated on 2024-03-03 08:52:37 CET.

Flavor Version Tinstall Tcheck Ttotal Status Flags
r-devel-linux-x86_64-debian-clang 0.2.2 11.46 122.31 133.77 OK
r-devel-linux-x86_64-debian-gcc 0.2.2 8.54 91.66 100.20 OK
r-devel-linux-x86_64-fedora-clang 0.2.2 160.10 NOTE
r-devel-linux-x86_64-fedora-gcc 0.2.2 272.70 NOTE
r-devel-windows-x86_64 0.2.2 12.00 105.00 117.00 OK
r-patched-linux-x86_64 0.2.2 7.02 116.80 123.82 OK
r-release-linux-x86_64 0.2.2 7.41 119.04 126.45 OK
r-release-macos-arm64 0.2.2 93.00 OK
r-release-macos-x86_64 0.2.2 230.00 OK
r-release-windows-x86_64 0.2.2 15.00 128.00 143.00 OK
r-oldrel-macos-arm64 0.2.2 89.00 OK
r-oldrel-windows-x86_64 0.2.2 16.00 132.00 148.00 OK

Check Details

Version: 0.2.2
Check: data for non-ASCII characters
Result: NOTE Note: found 496 marked UTF-8 strings Flavors: r-devel-linux-x86_64-fedora-clang, r-devel-linux-x86_64-fedora-gcc