CRAN Package Check Results for Package mcmcse

Last updated on 2021-10-27 08:56:10 CEST.

Flavor Version Tinstall Tcheck Ttotal Status Flags
r-devel-linux-x86_64-debian-clang 1.5-0 127.31 50.04 177.35 OK
r-devel-linux-x86_64-debian-gcc 1.5-0 103.11 38.89 142.00 OK
r-devel-linux-x86_64-fedora-clang 1.5-0 292.29 OK
r-devel-linux-x86_64-fedora-gcc 1.5-0 254.35 OK
r-devel-windows-x86_64 1.5-0 174.00 84.00 258.00 OK
r-devel-windows-x86_64-gcc10-UCRT 1.5-0 OK
r-patched-linux-x86_64 1.5-0 114.12 48.22 162.34 OK
r-patched-solaris-x86 1.5-0 241.90 OK
r-release-linux-x86_64 1.5-0 107.48 48.47 155.95 OK
r-release-macos-arm64 1.5-0 NOTE
r-release-macos-x86_64 1.5-0 OK
r-release-windows-ix86+x86_64 1.5-0 254.00 109.00 363.00 OK
r-oldrel-macos-x86_64 1.5-0 OK
r-oldrel-windows-ix86+x86_64 1.5-0 349.00 110.00 459.00 OK

Check Details

Version: 1.5-0
Check: installed package size
Result: NOTE
     installed size is 5.4Mb
     sub-directories of 1Mb or more:
     libs 5.0Mb
Flavor: r-release-macos-arm64