CRAN Package Check Results for Package mclustcomp

Last updated on 2024-02-27 19:54:43 CET.

Flavor Version Tinstall Tcheck Ttotal Status Flags
r-devel-linux-x86_64-debian-clang 0.3.3 30.32 31.79 62.11 NOTE
r-devel-linux-x86_64-debian-gcc 0.3.3 23.28 24.43 47.71 NOTE
r-devel-linux-x86_64-fedora-clang 0.3.3 90.28 NOTE
r-devel-linux-x86_64-fedora-gcc 0.3.3 86.18 NOTE
r-devel-windows-x86_64 0.3.3 26.00 69.00 95.00 NOTE
r-patched-linux-x86_64 0.3.3 34.84 31.39 66.23 NOTE
r-release-linux-x86_64 0.3.3 25.19 31.20 56.39 NOTE
r-release-macos-arm64 0.3.3 27.00 NOTE
r-release-macos-x86_64 0.3.3 42.00 NOTE
r-release-windows-x86_64 0.3.3 34.00 71.00 105.00 NOTE
r-oldrel-macos-arm64 0.3.3 26.00 OK
r-oldrel-windows-x86_64 0.3.3 33.00 70.00 103.00 OK

Check Details

Version: 0.3.3
Check: C++ specification
Result: NOTE Specified C++11: please drop specification unless essential Flavors: r-devel-linux-x86_64-debian-clang, r-devel-linux-x86_64-debian-gcc, r-devel-linux-x86_64-fedora-clang, r-devel-linux-x86_64-fedora-gcc, r-devel-windows-x86_64, r-patched-linux-x86_64, r-release-linux-x86_64, r-release-macos-arm64, r-release-macos-x86_64, r-release-windows-x86_64