Last updated on 2023-02-03 19:52:10 CET.
Flavor | Version | Tinstall | Tcheck | Ttotal | Status | Flags |
---|---|---|---|---|---|---|
r-devel-linux-x86_64-debian-clang | 0.1.2 | 7.17 | 70.00 | 77.17 | NOTE | |
r-devel-linux-x86_64-debian-gcc | 0.1.2 | 5.01 | 51.77 | 56.78 | NOTE | |
r-devel-linux-x86_64-fedora-clang | 0.1.2 | 100.30 | NOTE | |||
r-devel-linux-x86_64-fedora-gcc | 0.1.2 | 95.98 | NOTE | |||
r-patched-linux-x86_64 | 0.1.2 | 7.06 | 67.90 | 74.96 | NOTE | |
r-release-linux-x86_64 | 0.1.2 | 4.27 | 69.93 | 74.20 | NOTE | |
r-release-macos-arm64 | 0.1.2 | 32.00 | NOTE | |||
r-release-macos-x86_64 | 0.1.2 | 62.00 | NOTE | |||
r-release-windows-x86_64 | 0.1.2 | 30.00 | 116.00 | 146.00 | NOTE | |
r-oldrel-macos-arm64 | 0.1.2 | 34.00 | NOTE | |||
r-oldrel-macos-x86_64 | 0.1.2 | 52.00 | NOTE | |||
r-oldrel-windows-ix86+x86_64 | 0.1.2 | 15.00 | 93.00 | 108.00 | NOTE |
Version: 0.1.2
Check: LazyData
Result: NOTE
'LazyData' is specified without a 'data' directory
Flavors: r-devel-linux-x86_64-debian-clang, r-devel-linux-x86_64-debian-gcc, r-devel-linux-x86_64-fedora-clang, r-devel-linux-x86_64-fedora-gcc, r-patched-linux-x86_64, r-release-linux-x86_64, r-release-macos-arm64, r-release-macos-x86_64, r-release-windows-x86_64, r-oldrel-macos-arm64, r-oldrel-macos-x86_64, r-oldrel-windows-ix86+x86_64