CRAN Package Check Results for Package mbrglm

Last updated on 2021-01-26 07:50:20 CET.

Flavor Version Tinstall Tcheck Ttotal Status Flags
r-devel-linux-x86_64-debian-clang 0.0.1 2.70 24.98 27.68 OK
r-devel-linux-x86_64-debian-gcc 0.0.1 2.09 19.15 21.24 OK
r-devel-linux-x86_64-fedora-clang 0.0.1 42.09 NOTE
r-devel-linux-x86_64-fedora-gcc 0.0.1 32.82 NOTE
r-devel-windows-ix86+x86_64 0.0.1 8.00 46.00 54.00 OK
r-patched-linux-x86_64 0.0.1 2.68 23.33 26.01 OK
r-patched-solaris-x86 0.0.1 47.90 OK
r-release-linux-x86_64 0.0.1 3.13 24.16 27.29 OK
r-release-macos-x86_64 0.0.1 OK
r-release-windows-ix86+x86_64 0.0.1 8.00 39.00 47.00 OK
r-oldrel-macos-x86_64 0.0.1 OK
r-oldrel-windows-ix86+x86_64 0.0.1 6.00 45.00 51.00 OK

Check Details

Version: 0.0.1
Check: compiled code
Result: NOTE
    File ‘mbrglm/libs/mbrglm.so’:
     Found no calls to: ‘R_registerRoutines’, ‘R_useDynamicSymbols’
    
    It is good practice to register native routines and to disable symbol
    search.
    
    See ‘Writing portable packages’ in the ‘Writing R Extensions’ manual.
Flavors: r-devel-linux-x86_64-fedora-clang, r-devel-linux-x86_64-fedora-gcc