CRAN Package Check Results for Package mboost

Last updated on 2024-04-20 21:56:10 CEST.

Flavor Version Tinstall Tcheck Ttotal Status Flags
r-devel-linux-x86_64-debian-clang 2.9-9 22.61 358.59 381.20 NOTE
r-devel-linux-x86_64-debian-gcc 2.9-9 13.31 270.02 283.33 OK
r-devel-linux-x86_64-fedora-clang 2.9-9 468.53 OK
r-devel-linux-x86_64-fedora-gcc 2.9-9 467.15 OK
r-prerel-macos-arm64 2.9-9 136.00 OK
r-prerel-windows-x86_64 2.9-9 17.00 145.00 162.00 OK --no-vignettes
r-patched-linux-x86_64 2.9-9 21.90 347.94 369.84 OK
r-release-linux-x86_64 2.9-9 16.95 356.05 373.00 OK
r-release-macos-arm64 2.9-9 147.00 OK
r-release-macos-x86_64 2.9-9 293.00 OK
r-release-windows-x86_64 2.9-9 22.00 186.00 208.00 OK --no-vignettes
r-oldrel-macos-arm64 2.9-9 134.00 OK
r-oldrel-windows-x86_64 2.9-9 26.00 206.00 232.00 OK --no-vignettes

Check Details

Version: 2.9-9
Check: package dependencies
Result: NOTE Package suggested but not available for checking: ‘kangar00’ Flavor: r-devel-linux-x86_64-debian-clang