CRAN Package Check Results for Package maxadjAUC

Last updated on 2022-05-18 09:54:06 CEST.

Flavor Version Tinstall Tcheck Ttotal Status Flags
r-devel-linux-x86_64-debian-clang 0.1.0 0.42 11.61 12.03 ERROR
r-devel-linux-x86_64-debian-gcc 0.1.0 0.33 8.87 9.20 ERROR
r-devel-linux-x86_64-fedora-clang 0.1.0 13.09 ERROR
r-devel-linux-x86_64-fedora-gcc 0.1.0 12.70 ERROR
r-devel-windows-x86_64 0.1.0 11.00 54.00 65.00 NOTE
r-patched-linux-x86_64 0.1.0 1.57 37.81 39.38 NOTE
r-release-linux-x86_64 0.1.0 1.45 36.16 37.61 NOTE
r-release-macos-arm64 0.1.0 17.00 NOTE
r-release-macos-x86_64 0.1.0 28.00 NOTE
r-release-windows-x86_64 0.1.0 10.00 53.00 63.00 NOTE
r-oldrel-macos-arm64 0.1.0 19.00 NOTE
r-oldrel-macos-x86_64 0.1.0 30.00 NOTE
r-oldrel-windows-ix86+x86_64 0.1.0 7.00 47.00 54.00 NOTE

Check Details

Version: 0.1.0
Check: package dependencies
Result: ERROR
    Package required but not available: 'aucm'
    
    See section 'The DESCRIPTION file' in the 'Writing R Extensions'
    manual.
Flavors: r-devel-linux-x86_64-debian-clang, r-devel-linux-x86_64-debian-gcc, r-devel-linux-x86_64-fedora-clang, r-devel-linux-x86_64-fedora-gcc

Version: 0.1.0
Check: LazyData
Result: NOTE
     'LazyData' is specified without a 'data' directory
Flavors: r-devel-windows-x86_64, r-patched-linux-x86_64, r-release-linux-x86_64, r-release-macos-arm64, r-release-macos-x86_64, r-release-windows-x86_64, r-oldrel-macos-arm64, r-oldrel-macos-x86_64, r-oldrel-windows-ix86+x86_64