CRAN Package Check Results for Package matsindf

Last updated on 2019-12-07 08:49:32 CET.

Flavor Version Tinstall Tcheck Ttotal Status Flags
r-devel-linux-x86_64-debian-clang 0.3.1 2.68 41.05 43.73 ERROR
r-devel-linux-x86_64-debian-gcc 0.3.1 2.38 31.76 34.14 ERROR
r-devel-linux-x86_64-fedora-clang 0.3.2 54.94 OK
r-devel-linux-x86_64-fedora-gcc 0.3.2 53.29 OK
r-devel-windows-ix86+x86_64 0.3.1 8.00 70.00 78.00 OK
r-devel-windows-ix86+x86_64-gcc8 0.3.1 9.00 82.00 91.00 OK
r-patched-linux-x86_64 0.3.1 2.29 36.89 39.18 OK
r-patched-solaris-x86 0.3.1 69.80 OK
r-release-linux-x86_64 0.3.1 2.31 36.86 39.17 OK
r-release-windows-ix86+x86_64 0.3.1 6.00 52.00 58.00 OK
r-release-osx-x86_64 0.3.1 OK
r-oldrel-windows-ix86+x86_64 0.3.2 4.00 59.00 63.00 OK
r-oldrel-osx-x86_64 0.3.1 OK

Check Details

Version: 0.3.1
Check: tests
Result: ERROR
     Running 'testthat.R' [5s/6s]
    Running the tests in 'tests/testthat.R' failed.
    Complete output:
     > library(testthat)
     > library(matsindf)
     >
     > test_check("matsindf")
     -- 1. Failure: rowcolval_to_mat (collapse) works as expected (@test_utilities.R#
     class(A) not equal to "matrix".
     Lengths differ: 2 is not 1
    
     == testthat results ===========================================================
     [ OK: 161 | SKIPPED: 0 | WARNINGS: 0 | FAILED: 1 ]
     1. Failure: rowcolval_to_mat (collapse) works as expected (@test_utilities.R#113)
    
     Error: testthat unit tests failed
     Execution halted
Flavor: r-devel-linux-x86_64-debian-clang

Version: 0.3.1
Check: tests
Result: ERROR
     Running ‘testthat.R’ [4s/5s]
    Running the tests in ‘tests/testthat.R’ failed.
    Complete output:
     > library(testthat)
     > library(matsindf)
     >
     > test_check("matsindf")
     ── 1. Failure: rowcolval_to_mat (collapse) works as expected (@test_utilities.R#
     class(A) not equal to "matrix".
     Lengths differ: 2 is not 1
    
     ══ testthat results ═══════════════════════════════════════════════════════════
     [ OK: 161 | SKIPPED: 0 | WARNINGS: 0 | FAILED: 1 ]
     1. Failure: rowcolval_to_mat (collapse) works as expected (@test_utilities.R#113)
    
     Error: testthat unit tests failed
     Execution halted
Flavor: r-devel-linux-x86_64-debian-gcc