CRAN Package Check Results for Package matrixStats

Last updated on 2020-05-29 10:47:26 CEST.

Flavor Version Tinstall Tcheck Ttotal Status Flags
r-devel-linux-x86_64-debian-clang 0.56.0 172.01 189.91 361.92 OK
r-devel-linux-x86_64-debian-gcc 0.56.0 123.40 147.28 270.68 OK
r-devel-linux-x86_64-fedora-clang 0.56.0 475.35 NOTE
r-devel-linux-x86_64-fedora-gcc 0.56.0 435.07 OK
r-devel-windows-ix86+x86_64 0.56.0 422.00 465.00 887.00 NOTE
r-patched-linux-x86_64 0.56.0 123.15 186.34 309.49 OK
r-patched-solaris-x86 0.56.0 899.00 NOTE
r-release-linux-x86_64 0.56.0 127.68 188.99 316.67 OK
r-release-osx-x86_64 0.56.0 NOTE
r-release-windows-ix86+x86_64 0.56.0 339.00 556.00 895.00 NOTE
r-oldrel-osx-x86_64 0.56.0 NOTE
r-oldrel-windows-ix86+x86_64 0.56.0 423.00 358.00 781.00 NOTE

Check Details

Version: 0.56.0
Check: installed package size
Result: NOTE
     installed size is 11.2Mb
     sub-directories of 1Mb or more:
     libs 10.4Mb
Flavors: r-devel-linux-x86_64-fedora-clang, r-devel-windows-ix86+x86_64, r-patched-solaris-x86, r-release-osx-x86_64, r-release-windows-ix86+x86_64, r-oldrel-osx-x86_64, r-oldrel-windows-ix86+x86_64