CRAN Package Check Results for Package matrixNormal

Last updated on 2020-07-14 09:50:37 CEST.

Flavor Version Tinstall Tcheck Ttotal Status Flags
r-devel-linux-x86_64-debian-clang 0.0.1 2.06 27.87 29.93 OK
r-devel-linux-x86_64-debian-gcc 0.0.1 1.76 21.85 23.61 OK
r-devel-linux-x86_64-fedora-clang 0.0.1 44.71 OK
r-devel-linux-x86_64-fedora-gcc 0.0.1 36.77 OK
r-devel-windows-ix86+x86_64 0.0.1 10.00 60.00 70.00 OK
r-patched-linux-x86_64 0.0.1 2.07 27.28 29.35 OK
r-patched-solaris-x86 0.0.1 54.40 OK
r-release-linux-x86_64 0.0.1 1.88 27.31 29.19 OK
r-release-macos-x86_64 0.0.1 FAIL
r-release-windows-ix86+x86_64 0.0.1 9.00 40.00 49.00 OK
r-oldrel-macos-x86_64 0.0.1 OK
r-oldrel-windows-ix86+x86_64 0.0.1 19.00 65.00 84.00 OK

Check Details

Version: 0.0.1
Check: DESCRIPTION meta-information
Result: FAIL
Flavor: r-release-macos-x86_64