CRAN Package Check Results for Package matpow

Last updated on 2020-07-14 09:50:37 CEST.

Flavor Version Tinstall Tcheck Ttotal Status Flags
r-devel-linux-x86_64-debian-clang 0.1.1 2.13 18.65 20.78 NOTE
r-devel-linux-x86_64-debian-gcc 0.1.1 1.64 15.03 16.67 NOTE
r-devel-linux-x86_64-fedora-clang 0.1.1 34.74 NOTE
r-devel-linux-x86_64-fedora-gcc 0.1.1 25.15 NOTE
r-devel-windows-ix86+x86_64 0.1.1 7.00 42.00 49.00 NOTE
r-patched-linux-x86_64 0.1.1 2.18 18.64 20.82 NOTE
r-patched-solaris-x86 0.1.1 38.40 NOTE
r-release-linux-x86_64 0.1.1 1.93 18.80 20.73 NOTE
r-release-macos-x86_64 0.1.1 FAIL
r-release-windows-ix86+x86_64 0.1.1 6.00 30.00 36.00 NOTE
r-oldrel-macos-x86_64 0.1.1 NOTE
r-oldrel-windows-ix86+x86_64 0.1.1 14.00 46.00 60.00 NOTE

Check Details

Version: 0.1.1
Check: package dependencies
Result: NOTE
    Package suggested but not available for checking: 'gputools'
Flavors: r-devel-linux-x86_64-debian-clang, r-devel-linux-x86_64-debian-gcc, r-devel-linux-x86_64-fedora-clang, r-devel-linux-x86_64-fedora-gcc, r-devel-windows-ix86+x86_64, r-patched-linux-x86_64, r-patched-solaris-x86, r-release-linux-x86_64, r-release-macos-x86_64, r-release-windows-ix86+x86_64, r-oldrel-macos-x86_64, r-oldrel-windows-ix86+x86_64

Version: 0.1.1
Check: dependencies in R code
Result: NOTE
    'library' or 'require' call to 'bigmemory' in package code.
     Please use :: or requireNamespace() instead.
     See section 'Suggested packages' in the 'Writing R Extensions' manual.
Flavors: r-devel-linux-x86_64-debian-clang, r-devel-linux-x86_64-debian-gcc, r-devel-linux-x86_64-fedora-clang, r-devel-linux-x86_64-fedora-gcc, r-devel-windows-ix86+x86_64, r-patched-linux-x86_64, r-patched-solaris-x86, r-release-linux-x86_64, r-release-windows-ix86+x86_64, r-oldrel-macos-x86_64, r-oldrel-windows-ix86+x86_64

Version: 0.1.1
Check: DESCRIPTION meta-information
Result: FAIL
Flavor: r-release-macos-x86_64