CRAN Package Check Results for Package mathpix

Last updated on 2021-12-07 19:49:49 CET.

Flavor Version Tinstall Tcheck Ttotal Status Flags
r-devel-linux-x86_64-debian-clang 0.4.0 1.93 34.17 36.10 NOTE
r-devel-linux-x86_64-debian-gcc 0.4.0 2.10 27.36 29.46 NOTE
r-devel-linux-x86_64-fedora-clang 0.4.0 46.03 NOTE
r-devel-linux-x86_64-fedora-gcc 0.4.0 34.79 NOTE
r-devel-windows-x86_64-new-UL 0.4.0 7.00 59.00 66.00 NOTE
r-devel-windows-x86_64-new-TK 0.4.0 NOTE
r-devel-windows-x86_64-old 0.4.0 5.00 34.00 39.00 NOTE
r-patched-linux-x86_64 0.4.0 2.09 32.85 34.94 NOTE
r-release-linux-x86_64 0.4.0 2.45 32.51 34.96 NOTE
r-release-macos-arm64 0.4.0 NOTE
r-release-macos-x86_64 0.4.0 NOTE
r-release-windows-ix86+x86_64 0.4.0 5.00 47.00 52.00 NOTE
r-oldrel-macos-x86_64 0.4.0 OK
r-oldrel-windows-ix86+x86_64 0.4.0 6.00 48.00 54.00 OK

Check Details

Version: 0.4.0
Check: LazyData
Result: NOTE
     'LazyData' is specified without a 'data' directory
Flavors: r-devel-linux-x86_64-debian-clang, r-devel-linux-x86_64-debian-gcc, r-devel-linux-x86_64-fedora-clang, r-devel-linux-x86_64-fedora-gcc, r-devel-windows-x86_64-new-UL, r-devel-windows-x86_64-new-TK, r-devel-windows-x86_64-old, r-patched-linux-x86_64, r-release-linux-x86_64, r-release-macos-arm64, r-release-macos-x86_64, r-release-windows-ix86+x86_64