CRAN Package Check Results for Package matchr

Last updated on 2024-03-04 07:48:32 CET.

Flavor Version Tinstall Tcheck Ttotal Status Flags
r-devel-linux-x86_64-debian-clang 0.1.0 3.48 33.31 36.79 NOTE
r-devel-linux-x86_64-debian-gcc 0.1.0 2.88 25.60 28.48 NOTE
r-devel-linux-x86_64-fedora-clang 0.1.0 46.05 NOTE
r-devel-linux-x86_64-fedora-gcc 0.1.0 43.41 NOTE
r-devel-windows-x86_64 0.1.0 4.00 50.00 54.00 NOTE
r-patched-linux-x86_64 0.1.0 3.38 32.52 35.90 OK
r-release-linux-x86_64 0.1.0 3.57 32.86 36.43 OK
r-release-macos-arm64 0.1.0 27.00 OK
r-release-macos-x86_64 0.1.0 26.00 OK
r-release-windows-x86_64 0.1.0 4.00 53.00 57.00 OK
r-oldrel-macos-arm64 0.1.0 18.00 OK
r-oldrel-windows-x86_64 0.1.0 6.00 53.00 59.00 OK

Check Details

Version: 0.1.0
Check: Rd files
Result: NOTE checkRd: (-1) Match.Rd:90: Lost braces; missing escapes or markup? 90 | expression in braces. For example, the condition "{[ab]*}" is equivalent | ^ Flavors: r-devel-linux-x86_64-debian-clang, r-devel-linux-x86_64-debian-gcc, r-devel-linux-x86_64-fedora-clang, r-devel-linux-x86_64-fedora-gcc, r-devel-windows-x86_64