CRAN Package Check Results for Package matchMulti

Last updated on 2024-02-29 07:52:40 CET.

Flavor Version Tinstall Tcheck Ttotal Status Flags
r-devel-linux-x86_64-debian-clang 1.1.12 14.44 137.72 152.16 NOTE
r-devel-linux-x86_64-debian-gcc 1.1.12 9.76 105.55 115.31 NOTE
r-devel-linux-x86_64-fedora-clang 1.1.12 197.34 NOTE
r-devel-linux-x86_64-fedora-gcc 1.1.12 196.99 NOTE
r-devel-windows-x86_64 1.1.12 13.00 137.00 150.00 NOTE
r-patched-linux-x86_64 1.1.12 11.04 137.48 148.52 NOTE
r-release-linux-x86_64 1.1.12 11.26 137.83 149.09 NOTE
r-release-macos-arm64 1.1.12 59.00 NOTE
r-release-macos-x86_64 1.1.12 165.00 NOTE
r-release-windows-x86_64 1.1.12 19.00 156.00 175.00 NOTE
r-oldrel-macos-arm64 1.1.12 58.00 NOTE
r-oldrel-windows-x86_64 1.1.12 17.00 161.00 178.00 NOTE

Check Details

Version: 1.1.12
Check: package dependencies
Result: NOTE Package suggested but not available for checking: ‘rrelaxiv’ Flavors: r-devel-linux-x86_64-debian-clang, r-devel-linux-x86_64-debian-gcc, r-devel-linux-x86_64-fedora-clang, r-devel-linux-x86_64-fedora-gcc, r-devel-windows-x86_64, r-patched-linux-x86_64, r-release-linux-x86_64, r-release-macos-arm64, r-release-macos-x86_64, r-release-windows-x86_64, r-oldrel-macos-arm64, r-oldrel-windows-x86_64

Version: 1.1.12
Check: Rd files
Result: NOTE checkRd: (-1) matchMulti-package.Rd:75: Lost braces 75 | c("\\Sexpr[results=rd,stage=build]{tools:::Rd_package_author(\"#1\")}", | ^ checkRd: (-1) matchMulti-package.Rd:79: Lost braces 79 | c("\\Sexpr[results=rd,stage=build]{tools:::Rd_package_maintainer(\"#1\")}", | ^ Flavors: r-devel-linux-x86_64-debian-clang, r-devel-linux-x86_64-debian-gcc, r-devel-linux-x86_64-fedora-clang, r-devel-linux-x86_64-fedora-gcc