CRAN Package Check Results for Package matchMulti

Last updated on 2022-01-18 20:50:43 CET.

Flavor Version Tinstall Tcheck Ttotal Status Flags
r-devel-linux-x86_64-debian-clang 1.1.7 16.07 155.35 171.42 OK
r-devel-linux-x86_64-debian-gcc 1.1.7 11.88 117.97 129.85 OK
r-devel-linux-x86_64-fedora-clang 1.1.7 207.22 OK
r-devel-linux-x86_64-fedora-gcc 1.1.7 192.71 OK
r-devel-windows-x86_64-new-UL 1.1.7 74.00 190.00 264.00 OK
r-devel-windows-x86_64-new-TK 1.1.7 ERROR
r-patched-linux-x86_64 1.1.7 14.85 146.24 161.09 OK
r-release-linux-x86_64 1.1.7 OK
r-release-macos-arm64 1.1.7 OK
r-release-macos-x86_64 1.1.7 OK
r-release-windows-ix86+x86_64 1.1.7 35.00 178.00 213.00 OK
r-oldrel-macos-x86_64 1.1.7 OK
r-oldrel-windows-ix86+x86_64 1.1.7 37.00 185.00 222.00 OK

Check Details

Version: 1.1.7
Check: package dependencies
Result: ERROR
    Package required but not available: 'weights'
    
    See section 'The DESCRIPTION file' in the 'Writing R Extensions'
    manual.
Flavor: r-devel-windows-x86_64-new-TK