CRAN Package Check Results for Package matR

Last updated on 2020-11-26 20:51:42 CET.

Flavor Version Tinstall Tcheck Ttotal Status Flags
r-devel-linux-x86_64-debian-clang 0.9.1 4.39 46.42 50.81 OK
r-devel-linux-x86_64-debian-gcc 0.9.1 3.59 35.67 39.26 OK
r-devel-linux-x86_64-fedora-clang 0.9.1 63.74 OK
r-devel-linux-x86_64-fedora-gcc 0.9.1 54.35 OK
r-devel-windows-ix86+x86_64 0.9.1 7.00 64.00 71.00 OK
r-patched-linux-x86_64 0.9.1 4.26 43.28 47.54 OK
r-patched-solaris-x86 0.9.1 74.50 OK
r-release-linux-x86_64 0.9.1 4.40 44.25 48.65 OK
r-release-macos-x86_64 0.9.1 OK
r-release-windows-ix86+x86_64 0.9.1 7.00 58.00 65.00 OK
r-oldrel-macos-x86_64 0.9.1 NOTE
r-oldrel-windows-ix86+x86_64 0.9.1 6.00 58.00 64.00 OK

Check Details

Version: 0.9.1
Check: package dependencies
Result: NOTE
    Package suggested but not available for checking: ‘qvalue’
Flavor: r-oldrel-macos-x86_64