CRAN Package Check Results for Package maskRangeR

Last updated on 2024-02-29 19:12:25 CET.

Flavor Version Tinstall Tcheck Ttotal Status Flags
r-devel-linux-x86_64-debian-clang 1.1 1.96 68.24 70.20 NOTE
r-devel-linux-x86_64-debian-gcc 1.1 2.05 50.69 52.74 NOTE
r-devel-linux-x86_64-fedora-clang 1.1 90.00 NOTE
r-devel-linux-x86_64-fedora-gcc 1.1 96.30 NOTE
r-devel-windows-x86_64 1.1 4.00 78.00 82.00 OK
r-patched-linux-x86_64 1.1 3.59 66.33 69.92 OK
r-release-linux-x86_64 1.1 2.24 65.35 67.59 OK
r-release-macos-arm64 1.1 40.00 OK
r-release-macos-x86_64 1.1 58.00 OK
r-release-windows-x86_64 1.1 4.00 85.00 89.00 OK
r-oldrel-macos-arm64 1.1 29.00 OK
r-oldrel-windows-x86_64 1.1 5.00 90.00 95.00 OK

Check Details

Version: 1.1
Check: Rd files
Result: NOTE checkRd: (-1) focalCompare.Rd:14: Lost braces 14 | \item{fun}{The function fun should take multiple numbers, and return a single number. For example mean, modal, min or max. It should also accept a na.rm argument (or ignore it, e.g. as one of the 'dots' arguments. For example, length will fail, but function(x, ...){na.omit(length(x))} works. (Specifications from `raster::focal`)} | ^ Flavors: r-devel-linux-x86_64-debian-clang, r-devel-linux-x86_64-debian-gcc, r-devel-linux-x86_64-fedora-clang, r-devel-linux-x86_64-fedora-gcc