CRAN Package Check Results for Package markovchain

Last updated on 2024-02-28 07:53:47 CET.

Flavor Version Tinstall Tcheck Ttotal Status Flags
r-devel-linux-x86_64-debian-clang 0.9.5 193.50 321.72 515.22 NOTE
r-devel-linux-x86_64-debian-gcc 0.9.5 148.38 229.50 377.88 NOTE
r-devel-linux-x86_64-fedora-clang 0.9.5 665.86 NOTE
r-devel-linux-x86_64-fedora-gcc 0.9.5 681.23 NOTE
r-devel-windows-x86_64 0.9.5 140.00 335.00 475.00 NOTE
r-patched-linux-x86_64 0.9.5 184.59 305.98 490.57 NOTE
r-release-linux-x86_64 0.9.5 178.47 301.35 479.82 NOTE
r-release-macos-arm64 0.9.5 160.00 NOTE
r-release-macos-x86_64 0.9.5 428.00 NOTE
r-release-windows-x86_64 0.9.5 178.00 383.00 561.00 NOTE
r-oldrel-macos-arm64 0.9.5 150.00 NOTE
r-oldrel-windows-x86_64 0.9.5 170.00 359.00 529.00 NOTE

Check Details

Version: 0.9.5
Check: Rd files
Result: NOTE checkRd: (-1) markovchainFit.Rd:31: Lost braces; missing escapes or markup? 31 | \item{stringchar}{It can be a {n x n} matrix or a character vector or a list} | ^ checkRd: (-1) markovchainFit.Rd:39: Lost braces; missing escapes or markup? 39 | \item{data}{It can be a character vector or a {n x n} matrix or a {n x n} data frame or a list} | ^ checkRd: (-1) markovchainFit.Rd:39: Lost braces; missing escapes or markup? 39 | \item{data}{It can be a character vector or a {n x n} matrix or a {n x n} data frame or a list} | ^ checkRd: (-1) markovchainFit.Rd:61: Lost braces; missing escapes or markup? 61 | {k x k} where k is the number of states in the chain and the values | ^ Flavors: r-devel-linux-x86_64-debian-clang, r-devel-linux-x86_64-debian-gcc, r-devel-linux-x86_64-fedora-clang, r-devel-linux-x86_64-fedora-gcc

Version: 0.9.5
Check: for GNU extensions in Makefiles
Result: NOTE GNU make is a SystemRequirements. Flavors: r-devel-linux-x86_64-debian-clang, r-devel-linux-x86_64-debian-gcc, r-devel-linux-x86_64-fedora-clang, r-devel-linux-x86_64-fedora-gcc, r-devel-windows-x86_64, r-patched-linux-x86_64, r-release-linux-x86_64, r-release-macos-arm64, r-release-macos-x86_64, r-release-windows-x86_64, r-oldrel-macos-arm64, r-oldrel-windows-x86_64

Version: 0.9.5
Check: installed package size
Result: NOTE installed size is 10.0Mb sub-directories of 1Mb or more: libs 8.3Mb Flavors: r-release-macos-arm64, r-release-macos-x86_64, r-oldrel-macos-arm64