CRAN Package Check Results for Package marketr

Last updated on 2024-03-04 07:48:32 CET.

Flavor Version Tinstall Tcheck Ttotal Status Flags
r-devel-linux-x86_64-debian-clang 0.0.2 5.56 48.96 54.52 NOTE
r-devel-linux-x86_64-debian-gcc 0.0.2 4.26 37.06 41.32 NOTE
r-devel-linux-x86_64-fedora-clang 0.0.2 67.51 NOTE
r-devel-linux-x86_64-fedora-gcc 0.0.2 75.81 NOTE
r-devel-windows-x86_64 0.0.2 5.00 55.00 60.00 NOTE
r-patched-linux-x86_64 0.0.2 4.95 46.36 51.31 NOTE
r-release-linux-x86_64 0.0.2 3.12 46.96 50.08 NOTE
r-release-macos-arm64 0.0.2 29.00 NOTE
r-release-macos-x86_64 0.0.2 38.00 NOTE
r-release-windows-x86_64 0.0.2 9.00 61.00 70.00 NOTE
r-oldrel-macos-arm64 0.0.2 24.00 NOTE
r-oldrel-windows-x86_64 0.0.2 8.00 65.00 73.00 NOTE

Check Details

Version: 0.0.2
Check: LazyData
Result: NOTE 'LazyData' is specified without a 'data' directory Flavors: r-devel-linux-x86_64-debian-clang, r-devel-linux-x86_64-debian-gcc, r-devel-linux-x86_64-fedora-clang, r-devel-linux-x86_64-fedora-gcc, r-devel-windows-x86_64, r-patched-linux-x86_64, r-release-linux-x86_64, r-release-macos-arm64, r-release-macos-x86_64, r-release-windows-x86_64, r-oldrel-macos-arm64, r-oldrel-windows-x86_64