Last updated on 2023-02-01 19:54:13 CET.
Flavor | Version | Tinstall | Tcheck | Ttotal | Status | Flags |
---|---|---|---|---|---|---|
r-devel-linux-x86_64-debian-clang | 0.0.2 | 5.43 | 51.45 | 56.88 | NOTE | |
r-devel-linux-x86_64-debian-gcc | 0.0.2 | 4.21 | 38.13 | 42.34 | NOTE | |
r-devel-linux-x86_64-fedora-clang | 0.0.2 | 73.98 | NOTE | |||
r-devel-linux-x86_64-fedora-gcc | 0.0.2 | 80.79 | NOTE | |||
r-devel-windows-x86_64 | 0.0.2 | 9.00 | 84.00 | 93.00 | NOTE | |
r-patched-linux-x86_64 | 0.0.2 | 4.57 | 51.03 | 55.60 | NOTE | |
r-release-linux-x86_64 | 0.0.2 | 4.60 | 53.13 | 57.73 | NOTE | |
r-release-macos-arm64 | 0.0.2 | 24.00 | NOTE | |||
r-release-macos-x86_64 | 0.0.2 | 42.00 | NOTE | |||
r-release-windows-x86_64 | 0.0.2 | 9.00 | 96.00 | 105.00 | NOTE | |
r-oldrel-macos-arm64 | 0.0.2 | 29.00 | NOTE | |||
r-oldrel-macos-x86_64 | 0.0.2 | 42.00 | NOTE | |||
r-oldrel-windows-ix86+x86_64 | 0.0.2 | 12.00 | 74.00 | 86.00 | NOTE |
Version: 0.0.2
Check: LazyData
Result: NOTE
'LazyData' is specified without a 'data' directory
Flavors: r-devel-linux-x86_64-debian-clang, r-devel-linux-x86_64-debian-gcc, r-devel-linux-x86_64-fedora-clang, r-devel-linux-x86_64-fedora-gcc, r-devel-windows-x86_64, r-patched-linux-x86_64, r-release-linux-x86_64, r-release-macos-arm64, r-release-macos-x86_64, r-release-windows-x86_64, r-oldrel-macos-arm64, r-oldrel-macos-x86_64, r-oldrel-windows-ix86+x86_64